CRAN Package Check Results for Package ompr.roi

Last updated on 2021-10-27 23:50:33 CEST.

Flavor Version Tinstall Tcheck Ttotal Status Flags
r-devel-linux-x86_64-debian-clang 0.8.0 6.49 113.05 119.54 NOTE
r-devel-linux-x86_64-debian-gcc 0.8.0 4.87 81.34 86.21 NOTE
r-devel-linux-x86_64-fedora-clang 0.8.0 137.78 NOTE
r-devel-linux-x86_64-fedora-gcc 0.8.0 176.23 NOTE
r-devel-windows-x86_64 0.8.0 11.00 88.00 99.00 NOTE
r-devel-windows-x86_64-gcc10-UCRT 0.8.0 NOTE
r-patched-linux-x86_64 0.8.0 6.14 62.19 68.33 NOTE
r-patched-solaris-x86 0.8.0 132.70 NOTE
r-release-linux-x86_64 0.8.0 6.60 61.47 68.07 NOTE
r-release-macos-arm64 0.8.0 NOTE
r-release-macos-x86_64 0.8.0 NOTE
r-release-windows-ix86+x86_64 0.8.0 11.00 85.00 96.00 NOTE
r-oldrel-macos-x86_64 0.8.0 OK
r-oldrel-windows-ix86+x86_64 0.8.0 12.00 83.00 95.00 OK

Check Details

Version: 0.8.0
Check: LazyData
Result: NOTE
     'LazyData' is specified without a 'data' directory
Flavors: r-devel-linux-x86_64-debian-clang, r-devel-linux-x86_64-debian-gcc, r-devel-linux-x86_64-fedora-clang, r-devel-linux-x86_64-fedora-gcc, r-devel-windows-x86_64, r-devel-windows-x86_64-gcc10-UCRT, r-patched-linux-x86_64, r-patched-solaris-x86, r-release-linux-x86_64, r-release-macos-arm64, r-release-macos-x86_64, r-release-windows-ix86+x86_64