CRAN Package Check Results for Package ohenery

Last updated on 2024-06-13 00:55:24 CEST.

Flavor Version Tinstall Tcheck Ttotal Status Flags
r-devel-linux-x86_64-debian-clang 0.1.1 42.95 82.84 125.79 OK
r-devel-linux-x86_64-debian-gcc 0.1.1 0.41 1.71 2.12 ERROR
r-devel-linux-x86_64-fedora-clang 0.1.1 173.91 OK
r-devel-linux-x86_64-fedora-gcc 0.1.1 161.91 OK
r-devel-windows-x86_64 0.1.1 33.00 103.00 136.00 OK
r-patched-linux-x86_64 0.1.1 33.59 77.80 111.39 OK
r-release-linux-x86_64 0.1.1 34.35 79.53 113.88 OK
r-release-macos-arm64 0.1.1 44.00 OK
r-release-macos-x86_64 0.1.1 61.00 OK
r-release-windows-x86_64 0.1.1 34.00 105.00 139.00 OK
r-oldrel-macos-arm64 0.1.1 47.00 OK
r-oldrel-macos-x86_64 0.1.1 77.00 OK
r-oldrel-windows-x86_64 0.1.1 42.00 117.00 159.00 OK

Check Details

Version: 0.1.1
Check: package dependencies
Result: ERROR Package required but not available: ‘dplyr’ Packages suggested but not available for checking: 'tidyr', 'forcats', 'testthat', 'ggplot2' See section ‘The DESCRIPTION file’ in the ‘Writing R Extensions’ manual. Flavor: r-devel-linux-x86_64-debian-gcc