CRAN Package Check Results for Package oddsratio

Last updated on 2021-10-27 23:50:33 CEST.

Flavor Version Tinstall Tcheck Ttotal Status Flags
r-devel-linux-x86_64-debian-clang 2.0.1 9.78 98.92 108.70 OK
r-devel-linux-x86_64-debian-gcc 2.0.1 7.66 73.97 81.63 OK
r-devel-linux-x86_64-fedora-clang 2.0.1 136.96 NOTE
r-devel-linux-x86_64-fedora-gcc 2.0.1 126.97 OK
r-devel-windows-x86_64 2.0.1 14.00 92.00 106.00 OK
r-devel-windows-x86_64-gcc10-UCRT 2.0.1 OK
r-patched-linux-x86_64 2.0.1 13.50 91.58 105.08 OK
r-patched-solaris-x86 2.0.1 181.30 OK
r-release-linux-x86_64 2.0.1 8.81 92.36 101.17 OK
r-release-macos-arm64 2.0.1 OK
r-release-macos-x86_64 2.0.1 OK
r-release-windows-ix86+x86_64 2.0.1 16.00 121.00 137.00 OK
r-oldrel-macos-x86_64 2.0.1 OK
r-oldrel-windows-ix86+x86_64 2.0.1 16.00 119.00 135.00 OK

Check Details

Version: 2.0.1
Check: Rd cross-references
Result: NOTE
    Undeclared package ‘gam’ in Rd xrefs
Flavor: r-devel-linux-x86_64-fedora-clang