CRAN Package Check Results for Package oceanic

Last updated on 2024-07-18 00:55:00 CEST.

Flavor Version Tinstall Tcheck Ttotal Status Flags
r-devel-linux-x86_64-debian-clang 0.1.7 8.90 79.02 87.92 OK
r-devel-linux-x86_64-debian-gcc 0.1.7 6.98 60.81 67.79 OK
r-devel-linux-x86_64-fedora-clang 0.1.7 110.58 NOTE
r-devel-linux-x86_64-fedora-gcc 0.1.7 105.69 NOTE
r-devel-windows-x86_64 0.1.7 10.00 76.00 86.00 OK
r-patched-linux-x86_64 0.1.7 6.21 75.72 81.93 OK
r-release-linux-x86_64 0.1.7 6.35 77.61 83.96 OK
r-release-macos-arm64 0.1.7 36.00 OK
r-release-macos-x86_64 0.1.7 88.00 OK
r-release-windows-x86_64 0.1.7 10.00 77.00 87.00 OK
r-oldrel-macos-arm64 0.1.7 50.00 OK
r-oldrel-macos-x86_64 0.1.7 78.00 OK
r-oldrel-windows-x86_64 0.1.7 12.00 120.00 132.00 OK

Check Details

Version: 0.1.7
Check: data for non-ASCII characters
Result: NOTE Note: found 1242 marked UTF-8 strings Flavors: r-devel-linux-x86_64-fedora-clang, r-devel-linux-x86_64-fedora-gcc