CRAN Package Check Results for Package numbersBR

Last updated on 2024-05-25 00:58:33 CEST.

Flavor Version Tinstall Tcheck Ttotal Status Flags
r-devel-linux-x86_64-debian-clang 0.0.2 3.94 33.17 37.11 NOTE
r-devel-linux-x86_64-debian-gcc 0.0.2 2.75 25.27 28.02 NOTE
r-devel-linux-x86_64-fedora-clang 0.0.2 46.03 NOTE
r-devel-linux-x86_64-fedora-gcc 0.0.2 44.86 NOTE
r-devel-windows-x86_64 0.0.2 4.00 47.00 51.00 NOTE
r-patched-linux-x86_64 0.0.2 3.67 31.40 35.07 NOTE
r-release-linux-x86_64 0.0.2 2.87 30.98 33.85 NOTE
r-release-macos-arm64 0.0.2 20.00 NOTE
r-release-windows-x86_64 0.0.2 4.00 47.00 51.00 NOTE
r-oldrel-macos-arm64 0.0.2 21.00 NOTE
r-oldrel-macos-x86_64 0.0.2 24.00 NOTE
r-oldrel-windows-x86_64 0.0.2 5.00 50.00 55.00 NOTE

Check Details

Version: 0.0.2
Check: package subdirectories
Result: NOTE Problems with news in ‘NEWS.md’: No news entries found. Flavors: r-devel-linux-x86_64-debian-clang, r-devel-linux-x86_64-debian-gcc, r-devel-linux-x86_64-fedora-clang, r-devel-linux-x86_64-fedora-gcc, r-devel-windows-x86_64, r-patched-linux-x86_64, r-release-linux-x86_64, r-release-macos-arm64, r-release-windows-x86_64, r-oldrel-macos-arm64, r-oldrel-macos-x86_64, r-oldrel-windows-x86_64

Version: 0.0.2
Check: LazyData
Result: NOTE 'LazyData' is specified without a 'data' directory Flavors: r-devel-linux-x86_64-debian-clang, r-devel-linux-x86_64-debian-gcc, r-devel-linux-x86_64-fedora-clang, r-devel-linux-x86_64-fedora-gcc, r-devel-windows-x86_64, r-patched-linux-x86_64, r-release-linux-x86_64, r-release-macos-arm64, r-release-windows-x86_64, r-oldrel-macos-arm64, r-oldrel-macos-x86_64, r-oldrel-windows-x86_64