CRAN Package Check Results for Package numbersBR

Last updated on 2023-05-30 00:59:51 CEST.

Flavor Version Tinstall Tcheck Ttotal Status Flags
r-devel-linux-x86_64-debian-clang 0.0.2 3.49 31.14 34.63 NOTE
r-devel-linux-x86_64-debian-gcc 0.0.2 2.63 25.10 27.73 NOTE
r-devel-linux-x86_64-fedora-clang 0.0.2 44.93 NOTE
r-devel-linux-x86_64-fedora-gcc 0.0.2 42.69 NOTE
r-devel-windows-x86_64 0.0.2 4.00 46.00 50.00 NOTE
r-patched-linux-x86_64 0.0.2 2.20 30.95 33.15 NOTE
r-release-linux-x86_64 0.0.2 2.66 30.91 33.57 NOTE
r-release-macos-arm64 0.0.2 21.00 NOTE
r-release-macos-x86_64 0.0.2 24.00 NOTE
r-release-windows-x86_64 0.0.2 6.00 50.00 56.00 NOTE
r-oldrel-macos-arm64 0.0.2 16.00 NOTE
r-oldrel-macos-x86_64 0.0.2 21.00 NOTE
r-oldrel-windows-x86_64 0.0.2 5.00 51.00 56.00 NOTE

Check Details

Version: 0.0.2
Check: package subdirectories
Result: NOTE
    Problems with news in ‘NEWS.md’:
    No news entries found.
Flavors: r-devel-linux-x86_64-debian-clang, r-devel-linux-x86_64-debian-gcc, r-devel-linux-x86_64-fedora-clang, r-devel-linux-x86_64-fedora-gcc, r-devel-windows-x86_64, r-patched-linux-x86_64, r-release-linux-x86_64, r-release-macos-arm64, r-release-macos-x86_64, r-release-windows-x86_64

Version: 0.0.2
Check: LazyData
Result: NOTE
     'LazyData' is specified without a 'data' directory
Flavors: r-devel-linux-x86_64-debian-clang, r-devel-linux-x86_64-debian-gcc, r-devel-linux-x86_64-fedora-clang, r-devel-linux-x86_64-fedora-gcc, r-devel-windows-x86_64, r-patched-linux-x86_64, r-release-linux-x86_64, r-release-macos-arm64, r-release-macos-x86_64, r-release-windows-x86_64, r-oldrel-macos-arm64, r-oldrel-macos-x86_64, r-oldrel-windows-x86_64