CRAN Package Check Results for Package nsyllable

Last updated on 2021-05-15 23:49:22 CEST.

Flavor Version Tinstall Tcheck Ttotal Status Flags
r-devel-linux-x86_64-debian-clang 1.0 2.22 23.76 25.98 OK
r-devel-linux-x86_64-debian-gcc 1.0 2.02 19.12 21.14 OK
r-devel-linux-x86_64-fedora-clang 1.0 42.20 NOTE
r-devel-linux-x86_64-fedora-gcc 1.0 30.79 NOTE
r-devel-windows-ix86+x86_64 1.0 5.00 29.00 34.00 OK
r-devel-windows-x86_64-gcc10-UCRT 1.0 NOTE
r-patched-linux-x86_64 1.0 2.27 23.40 25.67 OK
r-patched-solaris-x86 1.0 49.50 NOTE
r-release-linux-x86_64 1.0 2.27 23.49 25.76 OK
r-release-macos-x86_64 1.0 NOTE
r-release-windows-ix86+x86_64 1.0 5.00 41.00 46.00 OK
r-oldrel-macos-x86_64 1.0 NOTE
r-oldrel-windows-ix86+x86_64 1.0 3.00 37.00 40.00 OK

Check Details

Version: 1.0
Check: data for non-ASCII characters
Result: NOTE
     Note: found 1 marked UTF-8 string
Flavors: r-devel-linux-x86_64-fedora-clang, r-devel-linux-x86_64-fedora-gcc, r-devel-windows-x86_64-gcc10-UCRT, r-patched-solaris-x86, r-release-macos-x86_64, r-oldrel-macos-x86_64