CRAN Package Check Results for Package npphen

Last updated on 2021-09-24 23:53:56 CEST.

Flavor Version Tinstall Tcheck Ttotal Status Flags
r-devel-linux-x86_64-debian-clang 1.1-0 15.44 128.36 143.80 NOTE
r-devel-linux-x86_64-debian-gcc 1.1-0 12.87 98.63 111.50 NOTE
r-devel-linux-x86_64-fedora-clang 1.1-0 190.50 NOTE
r-devel-linux-x86_64-fedora-gcc 1.1-0 182.67 NOTE
r-devel-windows-x86_64 1.1-0 17.00 105.00 122.00 NOTE
r-devel-windows-x86_64-gcc10-UCRT 1.1-0 NOTE
r-patched-linux-x86_64 1.1-0 17.12 122.17 139.29 NOTE
r-patched-solaris-x86 1.1-0 256.10 NOTE
r-release-linux-x86_64 1.1-0 14.40 122.77 137.17 NOTE
r-release-macos-arm64 1.1-0 NOTE
r-release-macos-x86_64 1.1-0 NOTE
r-release-windows-ix86+x86_64 1.1-0 37.00 105.00 142.00 NOTE
r-oldrel-macos-x86_64 1.1-0 NOTE
r-oldrel-windows-ix86+x86_64 1.1-0 24.00 110.00 134.00 OK

Check Details

Version: 1.1-0
Check: LazyData
Result: NOTE
     'LazyData' is specified without a 'data' directory
Flavors: r-devel-linux-x86_64-debian-clang, r-devel-linux-x86_64-debian-gcc, r-devel-linux-x86_64-fedora-clang, r-devel-linux-x86_64-fedora-gcc, r-devel-windows-x86_64, r-devel-windows-x86_64-gcc10-UCRT, r-patched-linux-x86_64, r-patched-solaris-x86, r-release-linux-x86_64, r-release-macos-arm64, r-release-macos-x86_64, r-release-windows-ix86+x86_64

Version: 1.1-0
Check: dependencies in R code
Result: NOTE
    Namespace in Imports field not imported from: ‘rts’
     All declared Imports should be used.
Flavors: r-devel-linux-x86_64-fedora-clang, r-devel-linux-x86_64-fedora-gcc, r-devel-windows-x86_64-gcc10-UCRT, r-patched-solaris-x86, r-release-macos-arm64, r-release-macos-x86_64, r-oldrel-macos-x86_64