Last updated on 2022-06-28 23:54:10 CEST.
Flavor | Version | Tinstall | Tcheck | Ttotal | Status | Flags |
---|---|---|---|---|---|---|
r-devel-linux-x86_64-debian-clang | 0.2.1 | 2.98 | 29.17 | 32.15 | OK | |
r-devel-linux-x86_64-debian-gcc | 0.2.1 | 2.12 | 22.29 | 24.41 | OK | |
r-devel-linux-x86_64-fedora-clang | 0.2.1 | 50.82 | WARN | |||
r-devel-linux-x86_64-fedora-gcc | 0.2.1 | 48.30 | WARN | |||
r-devel-windows-x86_64 | 0.2.1 | 14.00 | 55.00 | 69.00 | OK | |
r-patched-linux-x86_64 | 0.2.1 | 3.08 | 27.83 | 30.91 | OK | |
r-release-linux-x86_64 | 0.2.1 | 2.07 | 27.92 | 29.99 | OK | |
r-release-macos-arm64 | 0.2.1 | 15.00 | OK | |||
r-release-macos-x86_64 | 0.2.1 | 24.00 | OK | |||
r-release-windows-x86_64 | 0.2.1 | 13.00 | 54.00 | 67.00 | OK | |
r-oldrel-macos-arm64 | 0.2.1 | 15.00 | OK | |||
r-oldrel-macos-x86_64 | 0.2.1 | 24.00 | OK | |||
r-oldrel-windows-ix86+x86_64 | 0.2.1 | 7.00 | 50.00 | 57.00 | OK |
Version: 0.2.1
Check: package dependencies
Result: WARN
Requires orphaned package: ‘gtools’
Flavors: r-devel-linux-x86_64-fedora-clang, r-devel-linux-x86_64-fedora-gcc