CRAN Package Check Results for Package nonnest2

Last updated on 2021-12-02 23:51:15 CET.

Flavor Version Tinstall Tcheck Ttotal Status Flags
r-devel-linux-x86_64-debian-clang 0.5-5 4.32 56.50 60.82 NOTE
r-devel-linux-x86_64-debian-gcc 0.5-5 3.33 48.22 51.55 NOTE
r-devel-linux-x86_64-fedora-clang 0.5-5 85.02 NOTE
r-devel-linux-x86_64-fedora-gcc 0.5-5 72.45 NOTE
r-devel-windows-x86_64-new-UL 0.5-5 11.00 121.00 132.00 NOTE
r-devel-windows-x86_64-new-TK 0.5-5 NOTE
r-devel-windows-x86_64-old 0.5-5 8.00 67.00 75.00 NOTE
r-patched-linux-x86_64 0.5-5 3.93 53.32 57.25 NOTE
r-patched-solaris-x86 0.5-5 100.80 NOTE
r-release-linux-x86_64 0.5-5 3.45 52.98 56.43 NOTE
r-release-macos-arm64 0.5-5 NOTE
r-release-macos-x86_64 0.5-5 NOTE
r-release-windows-ix86+x86_64 0.5-5 11.00 88.00 99.00 NOTE
r-oldrel-macos-x86_64 0.5-5 OK
r-oldrel-windows-ix86+x86_64 0.5-5 10.00 84.00 94.00 OK

Check Details

Version: 0.5-5
Check: LazyData
Result: NOTE
     'LazyData' is specified without a 'data' directory
Flavors: r-devel-linux-x86_64-debian-clang, r-devel-linux-x86_64-debian-gcc, r-devel-linux-x86_64-fedora-clang, r-devel-linux-x86_64-fedora-gcc, r-devel-windows-x86_64-new-UL, r-devel-windows-x86_64-new-TK, r-devel-windows-x86_64-old, r-patched-linux-x86_64, r-patched-solaris-x86, r-release-linux-x86_64, r-release-macos-arm64, r-release-macos-x86_64, r-release-windows-ix86+x86_64