CRAN Package Check Results for Package nomisr

Last updated on 2024-06-23 00:56:42 CEST.

Flavor Version Tinstall Tcheck Ttotal Status Flags
r-devel-linux-x86_64-debian-clang 0.4.7 6.75 70.34 77.09 OK
r-devel-linux-x86_64-debian-gcc 0.4.7 5.92 53.73 59.65 OK
r-devel-linux-x86_64-fedora-clang 0.4.7 101.44 OK
r-devel-linux-x86_64-fedora-gcc 0.4.7 104.51 OK
r-devel-windows-x86_64 0.4.7 7.00 74.00 81.00 OK
r-patched-linux-x86_64 0.4.7 7.52 66.06 73.58 OK
r-release-linux-x86_64 0.4.7 7.28 68.75 76.03 OK
r-release-macos-arm64 0.4.7 44.00 ERROR
r-release-macos-x86_64 0.4.7 69.00 OK
r-release-windows-x86_64 0.4.7 7.00 74.00 81.00 OK
r-oldrel-macos-arm64 0.4.7 38.00 OK
r-oldrel-macos-x86_64 0.4.7 62.00 OK
r-oldrel-windows-x86_64 0.4.7 10.00 84.00 94.00 OK

Check Details

Version: 0.4.7
Check: re-building of vignette outputs
Result: ERROR Error(s) in re-building vignettes: ... --- re-building ‘introduction.Rmd’ using rmarkdown Quitting from lines 41-45 [specific-dataset] (introduction.Rmd) Error: processing vignette 'introduction.Rmd' failed with diagnostics: Timeout was reached: [www.nomisweb.co.uk] SSL connection timeout --- failed re-building ‘introduction.Rmd’ SUMMARY: processing the following file failed: ‘introduction.Rmd’ Error: Vignette re-building failed. Execution halted Flavor: r-release-macos-arm64