CRAN Package Check Results for Package nmaplateplot

Last updated on 2022-11-26 23:58:21 CET.

Flavor Version Tinstall Tcheck Ttotal Status Flags
r-devel-linux-x86_64-debian-clang 1.0.1 3.96 81.23 85.19 OK
r-devel-linux-x86_64-debian-gcc 1.0.1 3.67 58.50 62.17 OK
r-devel-linux-x86_64-fedora-clang 1.0.1 112.98 NOTE
r-devel-linux-x86_64-fedora-gcc 1.0.1 109.27 OK
r-devel-windows-x86_64 1.0.1 21.00 114.00 135.00 NOTE
r-patched-linux-x86_64 1.0.1 OK
r-release-linux-x86_64 1.0.1 3.08 77.43 80.51 OK
r-release-macos-arm64 1.0.1 32.00 NOTE
r-release-macos-x86_64 1.0.1 56.00 NOTE
r-release-windows-x86_64 1.0.1 25.00 119.00 144.00 NOTE
r-oldrel-macos-arm64 1.0.1 36.00 NOTE
r-oldrel-macos-x86_64 1.0.1 45.00 NOTE
r-oldrel-windows-ix86+x86_64 1.0.1 8.00 107.00 115.00 NOTE

Check Details

Version: 1.0.1
Check: installed package size
Result: NOTE
     installed size is 7.6Mb
     sub-directories of 1Mb or more:
     doc 7.4Mb
Flavors: r-devel-linux-x86_64-fedora-clang, r-devel-windows-x86_64, r-release-macos-arm64, r-release-macos-x86_64, r-release-windows-x86_64, r-oldrel-macos-arm64, r-oldrel-macos-x86_64, r-oldrel-windows-ix86+x86_64