CRAN Package Check Results for Package nlraa

Last updated on 2021-09-19 23:50:21 CEST.

Flavor Version Tinstall Tcheck Ttotal Status Flags
r-devel-linux-x86_64-debian-clang 0.98 20.04 417.64 437.68 OK
r-devel-linux-x86_64-debian-gcc 0.98 16.89 297.91 314.80 OK
r-devel-linux-x86_64-fedora-clang 0.98 501.23 OK
r-devel-linux-x86_64-fedora-gcc 0.98 433.57 OK
r-devel-windows-x86_64 0.98 21.00 359.00 380.00 OK
r-devel-windows-x86_64-gcc10-UCRT 0.98 ERROR
r-patched-linux-x86_64 0.98 18.92 402.53 421.45 OK
r-patched-solaris-x86 0.98 307.10 NOTE
r-release-linux-x86_64 0.98 18.81 404.15 422.96 OK
r-release-macos-arm64 0.98 OK
r-release-macos-x86_64 0.98 OK
r-release-windows-ix86+x86_64 0.98 38.00 354.00 392.00 OK
r-oldrel-macos-x86_64 0.98 OK
r-oldrel-windows-ix86+x86_64 0.98 35.00 343.00 378.00 OK

Check Details

Version: 0.98
Check: whether package can be installed
Result: WARN
    Found the following significant warnings:
     WARNING: installation-time patches will not be applied, could not get the patches index
Flavor: r-devel-windows-x86_64-gcc10-UCRT

Version: 0.98
Check: PDF version of manual
Result: WARN
    LaTeX errors when creating PDF version.
    This typically indicates Rd problems.
Flavor: r-devel-windows-x86_64-gcc10-UCRT

Version: 0.98
Check: PDF version of manual without hyperrefs or index
Result: ERROR
    Re-running with no redirection of stdout/stderr.
Flavor: r-devel-windows-x86_64-gcc10-UCRT

Version: 0.98
Check: installed package size
Result: NOTE
     installed size is 5.1Mb
     sub-directories of 1Mb or more:
     doc 3.5Mb
Flavor: r-patched-solaris-x86