CRAN Package Check Results for Package nlmixr2extra

Last updated on 2023-05-29 00:59:39 CEST.

Flavor Version Tinstall Tcheck Ttotal Status Flags
r-devel-linux-x86_64-debian-clang 2.0.8 43.66 108.83 152.49 NOTE
r-devel-linux-x86_64-debian-gcc 2.0.8 31.81 80.57 112.38 NOTE
r-devel-linux-x86_64-fedora-clang 2.0.8 219.24 NOTE
r-devel-linux-x86_64-fedora-gcc 2.0.8 207.34 NOTE
r-devel-windows-x86_64 2.0.8 45.00 116.00 161.00 NOTE
r-patched-linux-x86_64 2.0.8 30.74 100.74 131.48 NOTE
r-release-linux-x86_64 2.0.8 26.33 101.64 127.97 NOTE
r-release-macos-arm64 2.0.8 57.00 NOTE
r-release-macos-x86_64 2.0.8 89.00 NOTE
r-release-windows-x86_64 2.0.8 55.00 142.00 197.00 NOTE
r-oldrel-macos-arm64 2.0.8 44.00 OK
r-oldrel-macos-x86_64 2.0.8 71.00 OK
r-oldrel-windows-x86_64 2.0.8 47.00 140.00 187.00 OK

Check Details

Version: 2.0.8
Check: C++ specification
Result: NOTE
     Specified C++11: please drop specification unless essential
Flavors: r-devel-linux-x86_64-debian-clang, r-devel-linux-x86_64-debian-gcc, r-devel-linux-x86_64-fedora-clang, r-devel-linux-x86_64-fedora-gcc, r-devel-windows-x86_64, r-patched-linux-x86_64, r-release-linux-x86_64, r-release-macos-arm64, r-release-macos-x86_64, r-release-windows-x86_64