CRAN Package Check Results for Package nlmixr2est

Last updated on 2022-12-05 23:50:35 CET.

Flavor Version Tinstall Tcheck Ttotal Status Flags
r-devel-linux-x86_64-debian-clang 2.1.3 390.01 197.87 587.88 OK
r-devel-linux-x86_64-debian-gcc 2.1.3 321.82 145.11 466.93 OK
r-devel-linux-x86_64-fedora-clang 2.1.3 881.79 NOTE
r-devel-linux-x86_64-fedora-gcc 2.1.3 806.29 NOTE
r-devel-windows-x86_64 2.1.3 403.00 259.00 662.00 OK
r-patched-linux-x86_64 2.1.3 303.59 178.48 482.07 OK
r-release-linux-x86_64 2.1.3 308.75 182.24 490.99 OK
r-release-macos-arm64 2.1.3 195.00 NOTE
r-release-macos-x86_64 2.1.3 228.00 NOTE
r-release-windows-x86_64 2.1.3 446.00 251.00 697.00 OK
r-oldrel-macos-arm64 2.1.3 195.00 NOTE
r-oldrel-macos-x86_64 2.1.3 239.00 NOTE
r-oldrel-windows-ix86+x86_64 2.1.3 960.00 336.00 1296.00 NOTE

Check Details

Version: 2.1.3
Check: dependencies in R code
Result: NOTE
    Namespace in Imports field not imported from: ‘vpc’
     All declared Imports should be used.
Flavors: r-devel-linux-x86_64-fedora-clang, r-devel-linux-x86_64-fedora-gcc, r-release-macos-arm64, r-release-macos-x86_64, r-oldrel-macos-arm64, r-oldrel-macos-x86_64

Version: 2.1.3
Check: installed package size
Result: NOTE
     installed size is 29.8Mb
     sub-directories of 1Mb or more:
     libs 28.7Mb
Flavors: r-release-macos-arm64, r-release-macos-x86_64, r-oldrel-macos-arm64, r-oldrel-macos-x86_64, r-oldrel-windows-ix86+x86_64