CRAN Package Check Results for Package nlist

Last updated on 2021-08-03 23:52:19 CEST.

Flavor Version Tinstall Tcheck Ttotal Status Flags
r-devel-linux-x86_64-debian-clang 0.3.1 5.06 51.04 56.10 NOTE
r-devel-linux-x86_64-debian-gcc 0.3.1 3.53 38.85 42.38 NOTE
r-devel-linux-x86_64-fedora-clang 0.3.1 73.28 NOTE
r-devel-linux-x86_64-fedora-gcc 0.3.1 64.57 NOTE
r-devel-windows-x86_64 0.3.1 6.00 72.00 78.00 NOTE
r-devel-windows-x86_64-gcc10-UCRT 0.3.1 NOTE
r-patched-linux-x86_64 0.3.1 5.83 48.82 54.65 NOTE
r-patched-solaris-x86 0.3.1 86.00 NOTE
r-release-linux-x86_64 0.3.1 4.87 48.11 52.98 NOTE
r-release-macos-arm64 0.3.1 NOTE
r-release-macos-x86_64 0.3.1 NOTE
r-release-windows-ix86+x86_64 0.3.1 9.00 53.00 62.00 NOTE
r-oldrel-macos-x86_64 0.3.1 OK
r-oldrel-windows-ix86+x86_64 0.3.1 6.00 73.00 79.00 OK

Check Details

Version: 0.3.1
Check: LazyData
Result: NOTE
     'LazyData' is specified without a 'data' directory
Flavors: r-devel-linux-x86_64-debian-clang, r-devel-linux-x86_64-debian-gcc, r-devel-linux-x86_64-fedora-clang, r-devel-linux-x86_64-fedora-gcc, r-devel-windows-x86_64, r-devel-windows-x86_64-gcc10-UCRT, r-patched-linux-x86_64, r-patched-solaris-x86, r-release-linux-x86_64, r-release-macos-arm64, r-release-macos-x86_64, r-release-windows-ix86+x86_64