CRAN Package Check Results for Package njtr1

Last updated on 2021-10-15 23:50:36 CEST.

Flavor Version Tinstall Tcheck Ttotal Status Flags
r-devel-linux-x86_64-debian-clang 0.3.1 5.21 55.47 60.68 OK
r-devel-linux-x86_64-debian-gcc 0.3.1 4.48 41.83 46.31 OK
r-devel-linux-x86_64-fedora-clang 0.3.1 83.00 NOTE
r-devel-linux-x86_64-fedora-gcc 0.3.1 72.04 NOTE
r-devel-windows-x86_64 0.3.1 8.00 60.00 68.00 OK
r-devel-windows-x86_64-gcc10-UCRT 0.3.1 NOTE
r-patched-linux-x86_64 0.3.1 5.66 51.60 57.26 OK
r-patched-solaris-x86 0.3.1 117.90 NOTE
r-release-linux-x86_64 0.3.1 5.08 51.70 56.78 OK
r-release-macos-arm64 0.3.1 NOTE
r-release-macos-x86_64 0.3.1 NOTE
r-release-windows-ix86+x86_64 0.3.1 15.00 87.00 102.00 OK
r-oldrel-macos-x86_64 0.3.1 NOTE
r-oldrel-windows-ix86+x86_64 0.3.1 16.00 82.00 98.00 OK

Check Details

Version: 0.3.1
Check: data for non-ASCII characters
Result: NOTE
     Note: found 4 marked UTF-8 strings
Flavors: r-devel-linux-x86_64-fedora-clang, r-devel-linux-x86_64-fedora-gcc, r-devel-windows-x86_64-gcc10-UCRT, r-patched-solaris-x86, r-release-macos-arm64, r-release-macos-x86_64, r-oldrel-macos-x86_64