CRAN Package Check Results for Package nimble

Last updated on 2022-01-23 23:50:23 CET.

Flavor Version Tinstall Tcheck Ttotal Status Flags
r-devel-linux-x86_64-debian-clang 0.12.1 240.12 255.51 495.63 OK
r-devel-linux-x86_64-debian-gcc 0.12.1 200.02 207.15 407.17 OK
r-devel-linux-x86_64-fedora-clang 0.12.1 668.79 NOTE
r-devel-linux-x86_64-fedora-gcc 0.12.1 624.23 OK
r-devel-windows-x86_64-new-UL 0.12.1 1343.00 288.00 1631.00 NOTE
r-devel-windows-x86_64-new-TK 0.12.1 OK
r-patched-linux-x86_64 0.12.1 232.88 250.35 483.23 OK
r-release-linux-x86_64 0.12.1 222.22 246.24 468.46 OK
r-release-macos-arm64 0.12.1 NOTE
r-release-macos-x86_64 0.12.1 NOTE
r-release-windows-ix86+x86_64 0.12.1 465.00 293.00 758.00 NOTE
r-oldrel-macos-x86_64 0.12.1 NOTE
r-oldrel-windows-ix86+x86_64 0.12.1 464.00 302.00 766.00 NOTE

Check Details

Version: 0.12.1
Check: installed package size
Result: NOTE
     installed size is 30.8Mb
     sub-directories of 1Mb or more:
     CppCode 1.2Mb
     R 6.2Mb
     classic-bugs 1.6Mb
     include 5.9Mb
     libs 15.3Mb
Flavors: r-devel-linux-x86_64-fedora-clang, r-devel-windows-x86_64-new-UL, r-release-macos-arm64, r-release-macos-x86_64, r-release-windows-ix86+x86_64, r-oldrel-macos-x86_64, r-oldrel-windows-ix86+x86_64