CRAN Package Check Results for Package nhdR

Last updated on 2021-06-22 23:50:40 CEST.

Flavor Version Tinstall Tcheck Ttotal Status Flags
r-devel-linux-x86_64-debian-clang 0.5.5 10.17 97.91 108.08 OK
r-devel-linux-x86_64-debian-gcc 0.5.5 7.82 72.89 80.71 OK
r-devel-linux-x86_64-fedora-clang 0.5.5 137.15 OK
r-devel-linux-x86_64-fedora-gcc 0.5.5 127.79 OK
r-devel-windows-x86_64 0.5.5 15.00 274.00 289.00 OK
r-devel-windows-x86_64-gcc10-UCRT 0.5.5 ERROR
r-patched-linux-x86_64 0.5.5 9.96 91.50 101.46 OK
r-patched-solaris-x86 0.5.5 212.00 ERROR
r-release-linux-x86_64 0.5.5 10.11 90.41 100.52 OK
r-release-macos-arm64 0.5.5 OK
r-release-macos-x86_64 0.5.5 OK
r-release-windows-ix86+x86_64 0.5.5 17.00 90.00 107.00 OK
r-oldrel-macos-x86_64 0.5.5 OK

Check Details

Version: 0.5.5
Check: package dependencies
Result: ERROR
    Packages required but not available: 'httr', 'rvest', 'curl'
    
    Packages suggested but not available for checking:
     'wikilake', 'covr', 'crul'
    
    See section 'The DESCRIPTION file' in the 'Writing R Extensions'
    manual.
Flavor: r-devel-windows-x86_64-gcc10-UCRT

Version: 0.5.5
Check: tests
Result: ERROR
     Running ‘testthat.R’
    Running the tests in ‘tests/testthat.R’ failed.
    Complete output:
     > library(testthat)
     > # library(s2)
     > # sf::sf_use_s2(TRUE)
     > library(nhdR)
     Loading required package: maps
     Loading required namespace: digest
     >
     > test_check("nhdR")
     ══ Skipped tests ═══════════════════════════════════════════════════════════════
     • On CRAN (16)
     • This test is very long-running. Probably only suitable for manual execution. (1)
    
     ══ Failed tests ════════════════════════════════════════════════════════════════
     ── Error (test-utils.R:10:3): find_vpu works with character vpus ───────────────
     Error: OGRCreateCoordinateTransformation() returned NULL: PROJ available?
     Backtrace:
     █
     1. ├─testthat::expect_equal(nhdR:::find_vpu(pnt), "03S") test-utils.R:10:2
     2. │ └─testthat::quasi_label(enquo(object), label, arg = "object")
     3. │ └─rlang::eval_bare(expr, quo_get_env(quo))
     4. └─nhdR:::find_vpu(pnt)
     5. ├─sf::st_transform(pnt, sf::st_crs(nhdR::vpu_shp))
     6. └─sf:::st_transform.sfc(pnt, sf::st_crs(nhdR::vpu_shp))
     7. ├─sf::st_sfc(...)
     8. ├─base::structure(...)
     9. └─sf:::CPL_transform(...)
     ── Error (test-utils.R:16:3): find_vpu works with numeric vpus ─────────────────
     Error: OGRCreateCoordinateTransformation() returned NULL: PROJ available?
     Backtrace:
     █
     1. ├─testthat::expect_equal(nhdR:::find_vpu(pnt), "01") test-utils.R:16:2
     2. │ └─testthat::quasi_label(enquo(object), label, arg = "object")
     3. │ └─rlang::eval_bare(expr, quo_get_env(quo))
     4. └─nhdR:::find_vpu(pnt)
     5. ├─sf::st_transform(pnt, sf::st_crs(nhdR::vpu_shp))
     6. └─sf:::st_transform.sfc(pnt, sf::st_crs(nhdR::vpu_shp))
     7. ├─sf::st_sfc(...)
     8. ├─base::structure(...)
     9. └─sf:::CPL_transform(...)
    
     [ FAIL 2 | WARN 2 | SKIP 17 | PASS 3 ]
     Error: Test failures
     Execution halted
Flavor: r-patched-solaris-x86