CRAN Package Check Results for Package nftbart

Last updated on 2023-02-06 23:55:52 CET.

Flavor Version Tinstall Tcheck Ttotal Status Flags
r-devel-linux-x86_64-debian-clang 1.5 38.11 87.20 125.31 NOTE
r-devel-linux-x86_64-debian-gcc 1.5 30.39 66.87 97.26 NOTE
r-devel-linux-x86_64-fedora-clang 1.5 161.66 NOTE
r-devel-linux-x86_64-fedora-gcc 1.5 164.12 NOTE
r-devel-windows-x86_64 1.5 36.00 148.00 184.00 NOTE
r-patched-linux-x86_64 1.5 30.84 82.26 113.10 OK
r-release-linux-x86_64 1.5 35.92 85.37 121.29 OK
r-release-macos-arm64 1.5 49.00 OK
r-release-macos-x86_64 1.5 67.00 OK
r-release-windows-x86_64 1.5 56.00 147.00 203.00 OK
r-oldrel-macos-arm64 1.5 47.00 OK
r-oldrel-macos-x86_64 1.5 66.00 OK
r-oldrel-windows-ix86+x86_64 1.5 73.00 145.00 218.00 OK

Check Details

Version: 1.5
Check: C++ specification
Result: NOTE
     Specified C++11: please update to current default of C++17
Flavors: r-devel-linux-x86_64-debian-clang, r-devel-linux-x86_64-debian-gcc, r-devel-linux-x86_64-fedora-clang, r-devel-linux-x86_64-fedora-gcc, r-devel-windows-x86_64