CRAN Package Check Results for Package nflseedR

Last updated on 2024-06-13 00:55:24 CEST.

Flavor Version Tinstall Tcheck Ttotal Status Flags
r-devel-linux-x86_64-debian-clang 1.2.0 9.91 97.94 107.85 NOTE
r-devel-linux-x86_64-debian-gcc 1.2.0 0.40 1.76 2.16 ERROR
r-devel-linux-x86_64-fedora-clang 1.2.0 136.60 NOTE
r-devel-linux-x86_64-fedora-gcc 1.2.0 125.17 NOTE
r-devel-windows-x86_64 1.2.0 8.00 88.00 96.00 NOTE
r-patched-linux-x86_64 1.2.0 7.11 96.92 104.03 NOTE
r-release-linux-x86_64 1.2.0 5.07 96.78 101.85 NOTE
r-release-macos-arm64 1.2.0 41.00 NOTE
r-release-macos-x86_64 1.2.0 104.00 NOTE
r-release-windows-x86_64 1.2.0 8.00 90.00 98.00 NOTE
r-oldrel-macos-arm64 1.2.0 47.00 OK
r-oldrel-macos-x86_64 1.2.0 69.00 OK
r-oldrel-windows-x86_64 1.2.0 10.00 106.00 116.00 OK

Check Details

Version: 1.2.0
Check: Rd files
Result: NOTE checkRd: (-1) load_schedules.Rd:27: Lost braces in \itemize; \value handles \item{}{} directly checkRd: (-1) load_schedules.Rd:28: Lost braces in \itemize; \value handles \item{}{} directly checkRd: (-1) load_schedules.Rd:29: Lost braces in \itemize; \value handles \item{}{} directly checkRd: (-1) load_schedules.Rd:30: Lost braces in \itemize; \value handles \item{}{} directly checkRd: (-1) load_schedules.Rd:31: Lost braces in \itemize; \value handles \item{}{} directly checkRd: (-1) load_schedules.Rd:60: Lost braces in \itemize; \value handles \item{}{} directly checkRd: (-1) load_schedules.Rd:61: Lost braces in \itemize; \value handles \item{}{} directly checkRd: (-1) load_schedules.Rd:62: Lost braces in \itemize; \value handles \item{}{} directly checkRd: (-1) load_schedules.Rd:63: Lost braces in \itemize; \value handles \item{}{} directly Flavors: r-devel-linux-x86_64-debian-clang, r-devel-linux-x86_64-fedora-clang, r-devel-linux-x86_64-fedora-gcc, r-devel-windows-x86_64, r-patched-linux-x86_64, r-release-linux-x86_64, r-release-macos-arm64, r-release-macos-x86_64, r-release-windows-x86_64

Version: 1.2.0
Check: package dependencies
Result: ERROR Packages required but not available: 'dplyr', 'furrr', 'purrr', 'tibble', 'tidyr' Packages suggested but not available for checking: 'gt', 'testthat' See section ‘The DESCRIPTION file’ in the ‘Writing R Extensions’ manual. Flavor: r-devel-linux-x86_64-debian-gcc