Last updated on 2023-06-10 00:54:51 CEST.
Flavor | Version | Tinstall | Tcheck | Ttotal | Status | Flags |
---|---|---|---|---|---|---|
r-devel-linux-x86_64-debian-clang | 0.1.1 | 5.54 | 52.57 | 58.11 | OK | |
r-devel-linux-x86_64-debian-gcc | 0.1.1 | 5.20 | 39.59 | 44.79 | OK | |
r-devel-linux-x86_64-fedora-clang | 0.1.1 | 72.95 | NOTE | |||
r-devel-linux-x86_64-fedora-gcc | 0.1.1 | 82.31 | NOTE | |||
r-devel-windows-x86_64 | 0.1.1 | 7.00 | 64.00 | 71.00 | OK | |
r-patched-linux-x86_64 | 0.1.1 | 4.62 | 48.95 | 53.57 | OK | |
r-release-linux-x86_64 | 0.1.1 | 5.82 | 48.83 | 54.65 | OK | |
r-release-macos-arm64 | 0.1.1 | 36.00 | OK | |||
r-release-macos-x86_64 | 0.1.1 | 53.00 | OK | |||
r-release-windows-x86_64 | 0.1.1 | 10.00 | 69.00 | 79.00 | OK | |
r-oldrel-macos-arm64 | 0.1.1 | 25.00 | NOTE | |||
r-oldrel-macos-x86_64 | 0.1.1 | 49.00 | NOTE | |||
r-oldrel-windows-x86_64 | 0.1.1 | 9.00 | 69.00 | 78.00 | OK |
Version: 0.1.1
Check: dependencies in R code
Result: NOTE
Namespaces in Imports field not imported from:
‘devtools’ ‘xml2’
All declared Imports should be used.
Flavors: r-devel-linux-x86_64-fedora-clang, r-devel-linux-x86_64-fedora-gcc, r-oldrel-macos-arm64, r-oldrel-macos-x86_64
Version: 0.1.1
Check: data for non-ASCII characters
Result: NOTE
Note: found 318 marked UTF-8 strings
Flavors: r-devel-linux-x86_64-fedora-clang, r-devel-linux-x86_64-fedora-gcc, r-oldrel-macos-arm64, r-oldrel-macos-x86_64