CRAN Package Check Results for Package networkR

Last updated on 2024-06-14 00:53:50 CEST.

Flavor Version Tinstall Tcheck Ttotal Status Flags
r-devel-linux-x86_64-debian-clang 0.1.2 36.14 76.61 112.75 NOTE
r-devel-linux-x86_64-debian-gcc 0.1.2 25.65 55.25 80.90 ERROR
r-devel-linux-x86_64-fedora-clang 0.1.2 152.77 NOTE
r-devel-linux-x86_64-fedora-gcc 0.1.2 143.91 NOTE
r-devel-windows-x86_64 0.1.2 31.00 93.00 124.00 NOTE
r-patched-linux-x86_64 0.1.2 32.58 71.97 104.55 NOTE
r-release-linux-x86_64 0.1.2 32.18 71.58 103.76 NOTE
r-release-macos-arm64 0.1.2 36.00 NOTE
r-release-macos-x86_64 0.1.2 57.00 NOTE
r-release-windows-x86_64 0.1.2 30.00 94.00 124.00 NOTE
r-oldrel-macos-arm64 0.1.2 44.00 NOTE
r-oldrel-macos-x86_64 0.1.2 76.00 NOTE
r-oldrel-windows-x86_64 0.1.2 38.00 111.00 149.00 NOTE

Check Details

Version: 0.1.2
Check: C++ specification
Result: NOTE Specified C++11: please drop specification unless essential Flavors: r-devel-linux-x86_64-debian-clang, r-devel-linux-x86_64-debian-gcc, r-devel-linux-x86_64-fedora-clang, r-devel-linux-x86_64-fedora-gcc, r-devel-windows-x86_64, r-patched-linux-x86_64, r-release-linux-x86_64, r-release-macos-arm64, r-release-macos-x86_64, r-release-windows-x86_64, r-oldrel-macos-arm64, r-oldrel-macos-x86_64, r-oldrel-windows-x86_64

Version: 0.1.2
Check: package dependencies
Result: NOTE Package suggested but not available for checking: ‘testthat’ Flavor: r-devel-linux-x86_64-debian-gcc

Version: 0.1.2
Check: tests
Result: ERROR Running ‘testthat.R’ [0s/1s] Running the tests in ‘tests/testthat.R’ failed. Complete output: > library(testthat) Error in library(testthat) : there is no package called 'testthat' Execution halted Flavor: r-devel-linux-x86_64-debian-gcc