CRAN Package Check Results for Package netcontrol

Last updated on 2024-06-14 00:53:50 CEST.

Flavor Version Tinstall Tcheck Ttotal Status Flags
r-devel-linux-x86_64-debian-clang 0.1 36.78 72.25 109.03 NOTE
r-devel-linux-x86_64-debian-gcc 0.1 29.42 54.21 83.63 NOTE
r-devel-linux-x86_64-fedora-clang 0.1 150.90 NOTE
r-devel-linux-x86_64-fedora-gcc 0.1 145.93 NOTE
r-devel-windows-x86_64 0.1 33.00 91.00 124.00 NOTE
r-patched-linux-x86_64 0.1 36.60 68.64 105.24 NOTE
r-release-linux-x86_64 0.1 33.85 69.30 103.15 NOTE
r-release-macos-arm64 0.1 38.00 NOTE
r-release-macos-x86_64 0.1 69.00 NOTE
r-release-windows-x86_64 0.1 33.00 92.00 125.00 NOTE
r-oldrel-macos-arm64 0.1 47.00 NOTE
r-oldrel-macos-x86_64 0.1 71.00 NOTE
r-oldrel-windows-x86_64 0.1 40.00 103.00 143.00 NOTE

Check Details

Version: 0.1
Check: C++ specification
Result: NOTE Specified C++11: please drop specification unless essential Flavors: r-devel-linux-x86_64-debian-clang, r-devel-linux-x86_64-debian-gcc, r-devel-linux-x86_64-fedora-clang, r-devel-linux-x86_64-fedora-gcc, r-devel-windows-x86_64, r-patched-linux-x86_64, r-release-linux-x86_64, r-release-macos-arm64, r-release-macos-x86_64, r-release-windows-x86_64, r-oldrel-macos-arm64, r-oldrel-macos-x86_64, r-oldrel-windows-x86_64