CRAN Package Check Results for Package netcom

Last updated on 2021-09-23 23:50:13 CEST.

Flavor Version Tinstall Tcheck Ttotal Status Flags
r-devel-linux-x86_64-debian-clang 2.1.5 6.38 354.90 361.28 OK
r-devel-linux-x86_64-debian-gcc 2.1.5 5.29 246.96 252.25 OK
r-devel-linux-x86_64-fedora-clang 2.1.5 414.58 NOTE
r-devel-linux-x86_64-fedora-gcc 2.1.5 402.88 NOTE
r-devel-windows-x86_64 2.1.5 8.00 299.00 307.00 OK
r-devel-windows-x86_64-gcc10-UCRT 2.1.5 NOTE
r-patched-linux-x86_64 2.1.5 7.48 328.92 336.40 OK
r-patched-solaris-x86 2.1.5 502.90 NOTE
r-release-linux-x86_64 2.1.5 6.34 328.46 334.80 OK
r-release-macos-arm64 2.1.5 NOTE
r-release-macos-x86_64 2.1.5 NOTE
r-release-windows-ix86+x86_64 2.1.5 12.00 292.00 304.00 OK
r-oldrel-macos-x86_64 2.1.5 NOTE
r-oldrel-windows-ix86+x86_64 2.1.5 9.00 322.00 331.00 OK

Check Details

Version: 2.1.5
Check: dependencies in R code
Result: NOTE
    Namespaces in Imports field not imported from:
     ‘ggfortify’ ‘ggplot2’ ‘ggraph’ ‘reshape2’
     All declared Imports should be used.
Flavors: r-devel-linux-x86_64-fedora-clang, r-devel-linux-x86_64-fedora-gcc, r-devel-windows-x86_64-gcc10-UCRT, r-patched-solaris-x86, r-release-macos-arm64, r-release-macos-x86_64, r-oldrel-macos-x86_64