CRAN Package Check Results for Package netassoc

Last updated on 2024-07-18 00:55:00 CEST.

Flavor Version Tinstall Tcheck Ttotal Status Flags
r-devel-linux-x86_64-debian-clang 0.7.0 10.28 83.60 93.88 NOTE
r-devel-linux-x86_64-debian-gcc 0.7.0 8.24 63.39 71.63 NOTE
r-devel-linux-x86_64-fedora-clang 0.7.0 116.98 NOTE
r-devel-linux-x86_64-fedora-gcc 0.7.0 110.98 NOTE
r-devel-windows-x86_64 0.7.0 8.00 82.00 90.00 NOTE
r-patched-linux-x86_64 0.7.0 10.46 82.60 93.06 NOTE
r-release-linux-x86_64 0.7.0 8.73 81.16 89.89 NOTE
r-release-macos-arm64 0.7.0 34.00 NOTE
r-release-macos-x86_64 0.7.0 92.00 NOTE
r-release-windows-x86_64 0.7.0 9.00 85.00 94.00 NOTE
r-oldrel-macos-arm64 0.7.0 39.00 OK
r-oldrel-macos-x86_64 0.7.0 58.00 OK
r-oldrel-windows-x86_64 0.7.0 11.00 97.00 108.00 OK

Check Details

Version: 0.7.0
Check: Rd files
Result: NOTE checkRd: (-1) partial_correlation.Rd:26: Lost braces in \itemize; meant \describe ? checkRd: (-1) partial_correlation.Rd:27: Lost braces in \itemize; meant \describe ? checkRd: (-1) partial_correlation.Rd:28: Lost braces in \itemize; meant \describe ? checkRd: (-1) partial_correlation.Rd:29: Lost braces in \itemize; meant \describe ? Flavors: r-devel-linux-x86_64-debian-clang, r-devel-linux-x86_64-debian-gcc, r-devel-linux-x86_64-fedora-clang, r-devel-linux-x86_64-fedora-gcc, r-devel-windows-x86_64, r-patched-linux-x86_64, r-release-linux-x86_64, r-release-macos-arm64, r-release-macos-x86_64, r-release-windows-x86_64

Version: 0.7.0
Check: Rd cross-references
Result: NOTE Found the following Rd file(s) with Rd \link{} targets missing package anchors: plot_netassoc_network.Rd: plot.igraph Please provide package anchors for all Rd \link{} targets not in the package itself and the base packages. Flavor: r-devel-windows-x86_64