Last updated on 2023-11-28 00:56:55 CET.
Flavor | Version | Tinstall | Tcheck | Ttotal | Status | Flags |
---|---|---|---|---|---|---|
r-devel-linux-x86_64-debian-clang | 1.0 | 12.06 | 62.75 | 74.81 | OK | |
r-devel-linux-x86_64-debian-gcc | 1.0 | 8.63 | 47.15 | 55.78 | OK | |
r-devel-linux-x86_64-fedora-clang | 1.0 | 91.64 | OK | |||
r-devel-linux-x86_64-fedora-gcc | 1.0 | 97.64 | OK | |||
r-devel-windows-x86_64 | 1.0 | 9.00 | 69.00 | 78.00 | OK | |
r-patched-linux-x86_64 | 1.0 | 6.40 | 60.60 | 67.00 | OK | |
r-release-linux-x86_64 | 1.0 | 6.23 | 59.04 | 65.27 | OK | |
r-release-macos-arm64 | 1.0 | 39.00 | OK | |||
r-release-macos-x86_64 | 1.0 | 57.00 | OK | |||
r-release-windows-x86_64 | 1.0 | 13.00 | 71.00 | 84.00 | OK | |
r-oldrel-macos-arm64 | 1.0 | 9.00 | ERROR | |||
r-oldrel-macos-x86_64 | 1.0 | 12.00 | ERROR | |||
r-oldrel-windows-x86_64 | 1.0 | 13.00 | 82.00 | 95.00 | OK |
Version: 1.0
Check: package dependencies
Result: ERROR
Packages required and available but unsuitable versions: 'stats', 'utils'
See section ‘The DESCRIPTION file’ in the ‘Writing R Extensions’
manual.
Flavors: r-oldrel-macos-arm64, r-oldrel-macos-x86_64