CRAN Package Check Results for Package neonstore

Last updated on 2024-06-13 00:55:24 CEST.

Flavor Version Tinstall Tcheck Ttotal Status Flags
r-devel-linux-x86_64-debian-clang 0.5.1 9.88 73.82 83.70 OK
r-devel-linux-x86_64-debian-gcc 0.5.1 0.37 1.56 1.93 ERROR
r-devel-linux-x86_64-fedora-clang 0.5.1 104.02 OK
r-devel-linux-x86_64-fedora-gcc 0.5.1 95.16 OK
r-devel-windows-x86_64 0.5.1 7.00 74.00 81.00 OK
r-patched-linux-x86_64 0.5.1 8.87 69.77 78.64 OK
r-release-linux-x86_64 0.5.1 5.36 68.79 74.15 OK
r-release-macos-arm64 0.5.1 34.00 OK
r-release-macos-x86_64 0.5.1 47.00 OK
r-release-windows-x86_64 0.5.1 7.00 76.00 83.00 OK
r-oldrel-macos-arm64 0.5.1 41.00 NOTE
r-oldrel-macos-x86_64 0.5.1 87.00 NOTE
r-oldrel-windows-x86_64 0.5.1 11.00 87.00 98.00 OK

Check Details

Version: 0.5.1
Check: package dependencies
Result: ERROR Packages required but not available: 'progress', 'vroom', 'duckdbfs' Packages suggested but not available for checking: 'tibble', 'testthat', 'neonUtilities', 'arrow', 'dplyr' See section ‘The DESCRIPTION file’ in the ‘Writing R Extensions’ manual. Flavor: r-devel-linux-x86_64-debian-gcc

Version: 0.5.1
Check: package dependencies
Result: NOTE Package suggested but not available for checking: ‘rhdf5’ Flavors: r-oldrel-macos-arm64, r-oldrel-macos-x86_64