CRAN Package Check Results for Package neo2R

Last updated on 2021-09-24 23:53:55 CEST.

Flavor Version Tinstall Tcheck Ttotal Status Flags
r-devel-linux-x86_64-debian-clang 2.1.0 2.31 22.25 24.56 NOTE
r-devel-linux-x86_64-debian-gcc 2.1.0 1.82 17.43 19.25 NOTE
r-devel-linux-x86_64-fedora-clang 2.1.0 38.51 NOTE
r-devel-linux-x86_64-fedora-gcc 2.1.0 27.94 NOTE
r-devel-windows-x86_64 2.1.0 4.00 31.00 35.00 NOTE
r-devel-windows-x86_64-gcc10-UCRT 2.1.0 NOTE
r-patched-linux-x86_64 2.1.0 2.50 21.97 24.47 NOTE
r-patched-solaris-x86 2.1.0 44.30 NOTE
r-release-linux-x86_64 2.1.0 2.26 21.67 23.93 NOTE
r-release-macos-arm64 2.1.0 NOTE
r-release-macos-x86_64 2.1.0 NOTE
r-release-windows-ix86+x86_64 2.1.0 5.00 29.00 34.00 NOTE
r-oldrel-macos-x86_64 2.1.0 OK
r-oldrel-windows-ix86+x86_64 2.1.0 16.00 26.00 42.00 OK

Check Details

Version: 2.1.0
Check: LazyData
Result: NOTE
     'LazyData' is specified without a 'data' directory
Flavors: r-devel-linux-x86_64-debian-clang, r-devel-linux-x86_64-debian-gcc, r-devel-linux-x86_64-fedora-clang, r-devel-linux-x86_64-fedora-gcc, r-devel-windows-x86_64, r-devel-windows-x86_64-gcc10-UCRT, r-patched-linux-x86_64, r-patched-solaris-x86, r-release-linux-x86_64, r-release-macos-arm64, r-release-macos-x86_64, r-release-windows-ix86+x86_64