CRAN Package Check Results for Package neatRanges

Last updated on 2024-06-14 00:53:50 CEST.

Flavor Version Tinstall Tcheck Ttotal Status Flags
r-devel-linux-x86_64-debian-clang 0.1.4 33.84 37.49 71.33 OK
r-devel-linux-x86_64-debian-gcc 0.1.4 22.32 26.58 48.90 ERROR
r-devel-linux-x86_64-fedora-clang 0.1.4 97.63 OK
r-devel-linux-x86_64-fedora-gcc 0.1.4 94.07 OK
r-devel-windows-x86_64 0.1.4 24.00 66.00 90.00 OK
r-patched-linux-x86_64 0.1.4 26.39 34.37 60.76 OK
r-release-linux-x86_64 0.1.4 28.06 34.32 62.38 OK
r-release-macos-arm64 0.1.4 24.00 OK
r-release-macos-x86_64 0.1.4 43.00 OK
r-release-windows-x86_64 0.1.4 24.00 69.00 93.00 OK
r-oldrel-macos-arm64 0.1.4 28.00 OK
r-oldrel-macos-x86_64 0.1.4 44.00 OK
r-oldrel-windows-x86_64 0.1.4 24.00 74.00 98.00 OK

Check Details

Version: 0.1.4
Check: package dependencies
Result: NOTE Package suggested but not available for checking: ‘testthat’ Flavor: r-devel-linux-x86_64-debian-gcc

Version: 0.1.4
Check: tests
Result: ERROR Running ‘testthat.R’ [0s/1s] Running the tests in ‘tests/testthat.R’ failed. Complete output: > # This file is part of the standard setup for testthat. > # It is recommended that you do not modify it. > # > # Where should you do additional test configuration? > # Learn more about the roles of various files in: > # * https://r-pkgs.org/tests.html > # * https://testthat.r-lib.org/reference/test_package.html#special-files > > library(testthat) Error in library(testthat) : there is no package called 'testthat' Execution halted Flavor: r-devel-linux-x86_64-debian-gcc