CRAN Package Check Results for Package nearfar

Last updated on 2021-09-19 23:50:20 CEST.

Flavor Version Tinstall Tcheck Ttotal Status Flags
r-devel-linux-x86_64-debian-clang 1.2 12.11 112.37 124.48 OK
r-devel-linux-x86_64-debian-gcc 1.2 9.58 83.74 93.32 OK
r-devel-linux-x86_64-fedora-clang 1.2 158.20 OK
r-devel-linux-x86_64-fedora-gcc 1.2 141.23 OK
r-devel-windows-x86_64 1.2 16.00 106.00 122.00 OK
r-devel-windows-x86_64-gcc10-UCRT 1.2 ERROR
r-patched-linux-x86_64 1.2 12.80 104.67 117.47 OK
r-patched-solaris-x86 1.2 205.70 OK
r-release-linux-x86_64 1.2 11.22 104.22 115.44 OK
r-release-macos-arm64 1.2 OK
r-release-macos-x86_64 1.2 OK
r-release-windows-ix86+x86_64 1.2 33.00 99.00 132.00 OK
r-oldrel-macos-x86_64 1.2 OK
r-oldrel-windows-ix86+x86_64 1.2 34.00 104.00 138.00 OK

Check Details

Version: 1.2
Check: whether package can be installed
Result: WARN
    Found the following significant warnings:
     WARNING: installation-time patches will not be applied, could not get the patches index
Flavor: r-devel-windows-x86_64-gcc10-UCRT

Version: 1.2
Check: PDF version of manual
Result: WARN
    LaTeX errors when creating PDF version.
    This typically indicates Rd problems.
Flavor: r-devel-windows-x86_64-gcc10-UCRT

Version: 1.2
Check: PDF version of manual without hyperrefs or index
Result: ERROR
    Re-running with no redirection of stdout/stderr.
Flavor: r-devel-windows-x86_64-gcc10-UCRT