Last updated on 2023-01-28 23:51:44 CET.
Flavor | Version | Tinstall | Tcheck | Ttotal | Status | Flags |
---|---|---|---|---|---|---|
r-devel-linux-x86_64-debian-clang | 0.2.18 | 23.31 | 72.12 | 95.43 | OK | |
r-devel-linux-x86_64-debian-gcc | 0.2.18 | 23.84 | 53.24 | 77.08 | OK | |
r-devel-linux-x86_64-fedora-clang | 0.2.18 | 130.28 | NOTE | |||
r-devel-linux-x86_64-fedora-gcc | 0.2.18 | 122.61 | NOTE | |||
r-patched-linux-x86_64 | 0.2.18 | 28.22 | 68.26 | 96.48 | OK | |
r-release-linux-x86_64 | 0.2.18 | 17.62 | 69.01 | 86.63 | OK | |
r-release-macos-arm64 | 0.2.18 | 41.00 | NOTE | |||
r-release-macos-x86_64 | 0.2.18 | 63.00 | NOTE | |||
r-release-windows-x86_64 | 0.2.18 | 43.00 | 141.00 | 184.00 | OK | |
r-oldrel-macos-arm64 | 0.2.18 | 52.00 | NOTE | |||
r-oldrel-macos-x86_64 | 0.2.18 | 81.00 | NOTE | |||
r-oldrel-windows-ix86+x86_64 | 0.2.18 | 67.00 | 156.00 | 223.00 | OK |
Version: 0.2.18
Check: data for non-ASCII characters
Result: NOTE
Note: found 7332 marked UTF-8 strings
Flavors: r-devel-linux-x86_64-fedora-clang, r-devel-linux-x86_64-fedora-gcc, r-release-macos-arm64, r-release-macos-x86_64, r-oldrel-macos-arm64, r-oldrel-macos-x86_64