Last updated on 2023-05-31 01:03:24 CEST.
Flavor | Version | Tinstall | Tcheck | Ttotal | Status | Flags |
---|---|---|---|---|---|---|
r-devel-linux-x86_64-debian-clang | 0.1.4 | 18.63 | 142.95 | 161.58 | OK | |
r-devel-linux-x86_64-debian-gcc | 0.1.4 | 14.98 | 108.12 | 123.10 | OK | |
r-devel-linux-x86_64-fedora-clang | 0.1.4 | 199.18 | NOTE | |||
r-devel-linux-x86_64-fedora-gcc | 0.1.4 | 207.39 | OK | |||
r-devel-windows-x86_64 | 0.1.4 | 17.00 | 114.00 | 131.00 | OK | |
r-patched-linux-x86_64 | 0.1.4 | 21.79 | 136.52 | 158.31 | OK | |
r-release-linux-x86_64 | 0.1.4 | 16.12 | 134.84 | 150.96 | OK | |
r-release-macos-arm64 | 0.1.4 | 66.00 | OK | |||
r-release-macos-x86_64 | 0.1.4 | 101.00 | OK | |||
r-release-windows-x86_64 | 0.1.4 | 20.00 | 145.00 | 165.00 | OK | |
r-oldrel-macos-arm64 | 0.1.4 | 45.00 | OK | |||
r-oldrel-macos-x86_64 | 0.1.4 | 74.00 | OK | |||
r-oldrel-windows-x86_64 | 0.1.4 | 20.00 | 142.00 | 162.00 | OK |
Version: 0.1.4
Check: Rd cross-references
Result: NOTE
Undeclared package ‘DescTools’ in Rd xrefs
Flavor: r-devel-linux-x86_64-fedora-clang