CRAN Package Check Results for Package natstrat

Last updated on 2022-01-26 23:50:25 CET.

Flavor Version Tinstall Tcheck Ttotal Status Flags
r-devel-linux-x86_64-debian-clang 2.0.0 15.94 240.19 256.13 NOTE
r-devel-linux-x86_64-debian-gcc 2.0.0 13.78 177.79 191.57 NOTE
r-devel-linux-x86_64-fedora-clang 2.0.0 302.25 NOTE
r-devel-linux-x86_64-fedora-gcc 2.0.0 288.60 NOTE
r-devel-windows-x86_64-new-UL 2.0.0 57.00 246.00 303.00 NOTE
r-devel-windows-x86_64-new-TK 2.0.0 NOTE
r-patched-linux-x86_64 2.0.0 13.49 220.01 233.50 NOTE
r-release-linux-x86_64 2.0.0 11.01 217.38 228.39 NOTE
r-release-macos-arm64 2.0.0 NOTE
r-release-macos-x86_64 2.0.0 NOTE
r-release-windows-ix86+x86_64 2.0.0 37.00 250.00 287.00 NOTE
r-oldrel-macos-x86_64 2.0.0 NOTE
r-oldrel-windows-ix86+x86_64 2.0.0 37.00 251.00 288.00 NOTE

Check Details

Version: 2.0.0
Check: package dependencies
Result: NOTE
    Package suggested but not available for checking: 'gurobi'
Flavors: r-devel-linux-x86_64-debian-clang, r-devel-linux-x86_64-debian-gcc, r-devel-linux-x86_64-fedora-clang, r-devel-linux-x86_64-fedora-gcc, r-devel-windows-x86_64-new-UL, r-devel-windows-x86_64-new-TK, r-patched-linux-x86_64, r-release-linux-x86_64, r-release-macos-arm64, r-release-macos-x86_64, r-release-windows-ix86+x86_64, r-oldrel-macos-x86_64, r-oldrel-windows-ix86+x86_64