CRAN Package Check Results for Package nasadata

Last updated on 2022-01-23 23:50:23 CET.

Flavor Version Tinstall Tcheck Ttotal Status Flags
r-devel-linux-x86_64-debian-clang 0.9.0 5.03 52.95 57.98 NOTE
r-devel-linux-x86_64-debian-gcc 0.9.0 4.00 45.19 49.19 NOTE
r-devel-linux-x86_64-fedora-clang 0.9.0 72.84 NOTE
r-devel-linux-x86_64-fedora-gcc 0.9.0 58.13 NOTE
r-devel-windows-x86_64-new-UL 0.9.0 23.00 76.00 99.00 NOTE
r-devel-windows-x86_64-new-TK 0.9.0 NOTE
r-patched-linux-x86_64 0.9.0 4.32 50.17 54.49 NOTE
r-release-linux-x86_64 0.9.0 4.58 48.32 52.90 NOTE
r-release-macos-arm64 0.9.0 NOTE
r-release-macos-x86_64 0.9.0 NOTE
r-release-windows-ix86+x86_64 0.9.0 12.00 64.00 76.00 NOTE
r-oldrel-macos-x86_64 0.9.0 OK
r-oldrel-windows-ix86+x86_64 0.9.0 13.00 61.00 74.00 OK

Check Details

Version: 0.9.0
Check: LazyData
Result: NOTE
     'LazyData' is specified without a 'data' directory
Flavors: r-devel-linux-x86_64-debian-clang, r-devel-linux-x86_64-debian-gcc, r-devel-linux-x86_64-fedora-clang, r-devel-linux-x86_64-fedora-gcc, r-devel-windows-x86_64-new-UL, r-devel-windows-x86_64-new-TK, r-patched-linux-x86_64, r-release-linux-x86_64, r-release-macos-arm64, r-release-macos-x86_64, r-release-windows-ix86+x86_64