CRAN Package Check Results for Package narray

Last updated on 2024-06-13 00:55:24 CEST.

Flavor Version Tinstall Tcheck Ttotal Status Flags
r-devel-linux-x86_64-debian-clang 0.5.1 26.56 42.06 68.62 NOTE
r-devel-linux-x86_64-debian-gcc 0.5.1 0.41 1.84 2.25 ERROR
r-devel-linux-x86_64-fedora-clang 0.5.1 94.83 NOTE
r-devel-linux-x86_64-fedora-gcc 0.5.1 105.77 NOTE
r-devel-windows-x86_64 0.5.1 21.00 74.00 95.00 NOTE
r-patched-linux-x86_64 0.5.1 26.12 39.74 65.86 NOTE
r-release-linux-x86_64 0.5.1 23.16 40.42 63.58 NOTE
r-release-macos-arm64 0.5.1 33.00 NOTE
r-release-macos-x86_64 0.5.1 49.00 NOTE
r-release-windows-x86_64 0.5.1 23.00 76.00 99.00 NOTE
r-oldrel-macos-arm64 0.5.1 34.00 NOTE
r-oldrel-macos-x86_64 0.5.1 51.00 NOTE
r-oldrel-windows-x86_64 0.5.1 26.00 84.00 110.00 NOTE

Check Details

Version: 0.5.1
Check: C++ specification
Result: NOTE Specified C++11: please drop specification unless essential Flavors: r-devel-linux-x86_64-debian-clang, r-devel-linux-x86_64-fedora-clang, r-devel-linux-x86_64-fedora-gcc, r-devel-windows-x86_64, r-patched-linux-x86_64, r-release-linux-x86_64, r-release-macos-arm64, r-release-macos-x86_64, r-release-windows-x86_64, r-oldrel-macos-arm64, r-oldrel-macos-x86_64, r-oldrel-windows-x86_64

Version: 0.5.1
Check: package dependencies
Result: ERROR Packages required but not available: 'progress', 'stringr' Package suggested but not available for checking: ‘testthat’ See section ‘The DESCRIPTION file’ in the ‘Writing R Extensions’ manual. Flavor: r-devel-linux-x86_64-debian-gcc