Last updated on 2023-01-30 00:31:18 CET.
Flavor | Version | Tinstall | Tcheck | Ttotal | Status | Flags |
---|---|---|---|---|---|---|
r-devel-linux-x86_64-debian-clang | 0.5.1 | 28.98 | 37.86 | 66.84 | OK | |
r-devel-linux-x86_64-debian-gcc | 0.5.1 | 20.23 | 30.32 | 50.55 | NOTE | |
r-devel-linux-x86_64-fedora-clang | 0.5.1 | 88.91 | NOTE | |||
r-devel-linux-x86_64-fedora-gcc | 0.5.1 | 99.95 | NOTE | |||
r-devel-windows-x86_64 | 0.5.1 | 30.00 | 91.00 | 121.00 | NOTE | |
r-patched-linux-x86_64 | 0.5.1 | 21.32 | 38.24 | 59.56 | OK | |
r-release-linux-x86_64 | 0.5.1 | 24.69 | 38.15 | 62.84 | OK | |
r-release-macos-arm64 | 0.5.1 | 29.00 | OK | |||
r-release-macos-x86_64 | 0.5.1 | 41.00 | OK | |||
r-release-windows-x86_64 | 0.5.1 | 37.00 | 90.00 | 127.00 | OK | |
r-oldrel-macos-arm64 | 0.5.1 | 32.00 | OK | |||
r-oldrel-macos-x86_64 | 0.5.1 | 49.00 | OK | |||
r-oldrel-windows-ix86+x86_64 | 0.5.1 | 56.00 | 87.00 | 143.00 | OK |
Version: 0.5.1
Check: C++ specification
Result: NOTE
Specified C++11: please update to current default of C++17
Flavors: r-devel-linux-x86_64-debian-gcc, r-devel-linux-x86_64-fedora-clang, r-devel-linux-x86_64-fedora-gcc, r-devel-windows-x86_64