Last updated on 2023-02-03 23:51:41 CET.
Flavor | Version | Tinstall | Tcheck | Ttotal | Status | Flags |
---|---|---|---|---|---|---|
r-devel-linux-x86_64-debian-clang | 0.3.7 | 83.04 | 79.98 | 163.02 | NOTE | |
r-devel-linux-x86_64-debian-gcc | 0.3.7 | 63.81 | 60.41 | 124.22 | NOTE | |
r-devel-linux-x86_64-fedora-clang | 0.3.7 | 224.08 | NOTE | |||
r-devel-linux-x86_64-fedora-gcc | 0.3.7 | 234.93 | NOTE | |||
r-devel-windows-x86_64 | 0.3.7 | 179.00 | 154.00 | 333.00 | NOTE | |
r-patched-linux-x86_64 | 0.3.7 | 73.58 | 76.72 | 150.30 | OK | |
r-release-linux-x86_64 | 0.3.7 | 65.70 | 77.26 | 142.96 | OK | |
r-release-macos-arm64 | 0.3.7 | 57.00 | OK | |||
r-release-macos-x86_64 | 0.3.7 | 78.00 | OK | |||
r-release-windows-x86_64 | 0.3.7 | 145.00 | 148.00 | 293.00 | OK | |
r-oldrel-macos-arm64 | 0.3.7 | 50.00 | OK | |||
r-oldrel-macos-x86_64 | 0.3.7 | 76.00 | OK | |||
r-oldrel-windows-ix86+x86_64 | 0.3.7 | 181.00 | 159.00 | 340.00 | OK |
Version: 0.3.7
Check: C++ specification
Result: NOTE
Specified C++11: please update to current default of C++17
Flavors: r-devel-linux-x86_64-debian-clang, r-devel-linux-x86_64-debian-gcc, r-devel-linux-x86_64-fedora-clang, r-devel-linux-x86_64-fedora-gcc, r-devel-windows-x86_64