CRAN Package Check Results for Package nanostringr

Last updated on 2024-06-14 00:53:50 CEST.

Flavor Version Tinstall Tcheck Ttotal Status Flags
r-devel-linux-x86_64-debian-clang 0.4.1 5.93 61.47 67.40 OK
r-devel-linux-x86_64-debian-gcc 0.4.2 0.28 1.66 1.94 ERROR
r-devel-linux-x86_64-fedora-clang 0.4.2 89.43 OK
r-devel-linux-x86_64-fedora-gcc 0.4.2 95.25 OK
r-devel-windows-x86_64 0.4.2 5.00 9.00 14.00 ERROR
r-patched-linux-x86_64 0.4.2 6.31 59.32 65.63 OK
r-release-linux-x86_64 0.4.1 3.48 59.51 62.99 OK
r-release-macos-arm64 0.4.2 45.00 OK
r-release-macos-x86_64 0.4.2 87.00 OK
r-release-windows-x86_64 0.4.1 8.00 71.00 79.00 OK
r-oldrel-macos-arm64 0.4.2 43.00 OK
r-oldrel-macos-x86_64 0.4.2 71.00 OK
r-oldrel-windows-x86_64 0.4.2 8.00 72.00 80.00 OK

Check Details

Version: 0.4.2
Check: package dependencies
Result: ERROR Packages required but not available: 'dplyr', 'purrr', 'tidyr' Package suggested but not available for checking: ‘testthat’ See section ‘The DESCRIPTION file’ in the ‘Writing R Extensions’ manual. Flavor: r-devel-linux-x86_64-debian-gcc

Version: 0.4.2
Check: whether package can be installed
Result: ERROR Installation failed. Flavor: r-devel-windows-x86_64