CRAN Package Check Results for Package nadiv

Last updated on 2021-10-24 23:51:55 CEST.

Flavor Version Tinstall Tcheck Ttotal Status Flags
r-devel-linux-x86_64-debian-clang 2.17.1 22.98 80.41 103.39 NOTE
r-devel-linux-x86_64-debian-gcc 2.17.1 16.80 61.49 78.29 NOTE
r-devel-linux-x86_64-fedora-clang 2.17.1 151.48 NOTE
r-devel-linux-x86_64-fedora-gcc 2.17.1 126.55 NOTE
r-devel-windows-x86_64 2.17.1 37.00 90.00 127.00 NOTE
r-devel-windows-x86_64-gcc10-UCRT 2.17.1 NOTE
r-patched-linux-x86_64 2.17.1 21.92 79.21 101.13 NOTE
r-patched-solaris-x86 2.17.1 174.50 NOTE
r-release-linux-x86_64 2.17.1 23.57 78.37 101.94 NOTE
r-release-macos-arm64 2.17.1 NOTE
r-release-macos-x86_64 2.17.1 NOTE
r-release-windows-ix86+x86_64 2.17.1 49.00 143.00 192.00 NOTE
r-oldrel-macos-x86_64 2.17.1 NOTE
r-oldrel-windows-ix86+x86_64 2.17.1 66.00 149.00 215.00 NOTE

Check Details

Version: 2.17.1
Check: package dependencies
Result: NOTE
    Package which this enhances but not available for checking: 'asreml'
Flavors: r-devel-linux-x86_64-debian-clang, r-devel-linux-x86_64-debian-gcc, r-devel-linux-x86_64-fedora-clang, r-devel-linux-x86_64-fedora-gcc, r-devel-windows-x86_64, r-devel-windows-x86_64-gcc10-UCRT, r-patched-linux-x86_64, r-patched-solaris-x86, r-release-linux-x86_64, r-release-macos-arm64, r-release-macos-x86_64, r-release-windows-ix86+x86_64, r-oldrel-macos-x86_64, r-oldrel-windows-ix86+x86_64