CRAN Package Check Results for Package nVennR

Last updated on 2021-10-24 23:51:55 CEST.

Flavor Version Tinstall Tcheck Ttotal Status Flags
r-devel-linux-x86_64-debian-clang 0.2.3 24.49 123.45 147.94 OK
r-devel-linux-x86_64-debian-gcc 0.2.3 18.48 92.37 110.85 OK
r-devel-linux-x86_64-fedora-clang 0.2.3 190.34 OK
r-devel-linux-x86_64-fedora-gcc 0.2.3 184.27 OK
r-devel-windows-x86_64 0.2.3 33.00 168.00 201.00 OK
r-devel-windows-x86_64-gcc10-UCRT 0.2.3 OK
r-patched-linux-x86_64 0.2.3 21.98 123.16 145.14 OK
r-patched-solaris-x86 0.2.3 215.10 NOTE
r-release-linux-x86_64 0.2.3 20.97 122.80 143.77 OK
r-release-macos-arm64 0.2.3 OK
r-release-macos-x86_64 0.2.3 OK
r-release-windows-ix86+x86_64 0.2.3 53.00 179.00 232.00 OK
r-oldrel-macos-x86_64 0.2.3 OK
r-oldrel-windows-ix86+x86_64 0.2.3 62.00 190.00 252.00 OK

Check Details

Version: 0.2.3
Check: package dependencies
Result: NOTE
    Package suggested but not available for checking: ‘rsvg’
Flavor: r-patched-solaris-x86