CRAN Package Check Results for Package n1qn1

Last updated on 2022-01-17 23:51:30 CET.

Flavor Version Tinstall Tcheck Ttotal Status Flags
r-devel-linux-x86_64-debian-clang 6.0.1-10 20.29 35.09 55.38 NOTE
r-devel-linux-x86_64-debian-gcc 6.0.1-10 13.35 27.53 40.88 NOTE
r-devel-linux-x86_64-fedora-clang 6.0.1-10 73.92 NOTE
r-devel-linux-x86_64-fedora-gcc 6.0.1-10 60.28 NOTE
r-devel-windows-x86_64-new-UL 6.0.1-10 33.00 72.00 105.00 NOTE
r-devel-windows-x86_64-new-TK 6.0.1-10 NOTE
r-patched-linux-x86_64 6.0.1-10 18.68 34.14 52.82 NOTE
r-release-linux-x86_64 6.0.1-10 NOTE
r-release-macos-arm64 6.0.1-10 NOTE
r-release-macos-x86_64 6.0.1-10 NOTE
r-release-windows-ix86+x86_64 6.0.1-10 51.00 67.00 118.00 NOTE
r-oldrel-macos-x86_64 6.0.1-10 OK
r-oldrel-windows-ix86+x86_64 6.0.1-10 53.00 73.00 126.00 OK

Check Details

Version: 6.0.1-10
Check: LazyData
Result: NOTE
     'LazyData' is specified without a 'data' directory
Flavors: r-devel-linux-x86_64-debian-clang, r-devel-linux-x86_64-debian-gcc, r-devel-linux-x86_64-fedora-clang, r-devel-linux-x86_64-fedora-gcc, r-devel-windows-x86_64-new-UL, r-devel-windows-x86_64-new-TK, r-patched-linux-x86_64, r-release-linux-x86_64, r-release-macos-arm64, r-release-macos-x86_64, r-release-windows-ix86+x86_64