CRAN Package Check Results for Package myClim

Last updated on 2024-06-13 00:55:23 CEST.

Flavor Version Tinstall Tcheck Ttotal Status Flags
r-devel-linux-x86_64-debian-clang 1.1.0 11.03 349.82 360.85 NOTE
r-devel-linux-x86_64-debian-gcc 1.1.0 1.21 1.92 3.13 ERROR
r-devel-linux-x86_64-fedora-clang 1.1.0 412.21 NOTE
r-devel-linux-x86_64-fedora-gcc 1.1.0 431.56 NOTE
r-devel-windows-x86_64 1.1.0 11.00 324.00 335.00 NOTE
r-patched-linux-x86_64 1.1.0 12.83 330.96 343.79 NOTE
r-release-linux-x86_64 1.1.0 8.08 336.62 344.70 NOTE
r-release-macos-arm64 1.1.0 140.00 NOTE
r-release-macos-x86_64 1.1.0 230.00 NOTE
r-release-windows-x86_64 1.1.0 12.00 330.00 342.00 NOTE
r-oldrel-macos-arm64 1.1.0 131.00 NOTE
r-oldrel-macos-x86_64 1.1.0 292.00 NOTE
r-oldrel-windows-x86_64 1.1.0 16.00 383.00 399.00 NOTE

Check Details

Version: 1.1.0
Check: package dependencies
Result: NOTE Package suggested but not available for checking: ‘rTubeDB’ Flavors: r-devel-linux-x86_64-debian-clang, r-devel-linux-x86_64-fedora-clang, r-devel-linux-x86_64-fedora-gcc, r-devel-windows-x86_64, r-patched-linux-x86_64, r-release-linux-x86_64, r-release-macos-arm64, r-release-macos-x86_64, r-release-windows-x86_64, r-oldrel-macos-arm64, r-oldrel-macos-x86_64, r-oldrel-windows-x86_64

Version: 1.1.0
Check: Rd cross-references
Result: NOTE Package unavailable to check Rd xrefs: ‘rTubeDB’ Flavors: r-devel-linux-x86_64-debian-clang, r-devel-linux-x86_64-fedora-clang, r-devel-linux-x86_64-fedora-gcc, r-devel-windows-x86_64, r-patched-linux-x86_64, r-release-linux-x86_64, r-release-macos-arm64, r-release-macos-x86_64, r-release-windows-x86_64, r-oldrel-macos-arm64, r-oldrel-macos-x86_64, r-oldrel-windows-x86_64

Version: 1.1.0
Check: package dependencies
Result: ERROR Packages required but not available: 'stringr', 'lubridate', 'tibble', 'dplyr', 'purrr', 'tidyr', 'ggplot2', 'ggforce', 'viridis', 'plotly', 'vroom', 'progress' Packages suggested but not available for checking: 'kableExtra', 'rTubeDB', 'testthat' See section ‘The DESCRIPTION file’ in the ‘Writing R Extensions’ manual. Flavor: r-devel-linux-x86_64-debian-gcc

Version: 1.1.0
Check: data for non-ASCII characters
Result: NOTE Note: found 4 marked UTF-8 strings Flavors: r-devel-linux-x86_64-fedora-clang, r-devel-linux-x86_64-fedora-gcc