Last updated on 2023-01-30 00:31:18 CET.
Flavor | Version | Tinstall | Tcheck | Ttotal | Status | Flags |
---|---|---|---|---|---|---|
r-devel-linux-x86_64-debian-clang | 1.0.3 | 4.53 | 60.19 | 64.72 | OK | |
r-devel-linux-x86_64-debian-gcc | 1.0.3 | 3.00 | 44.72 | 47.72 | OK | |
r-devel-linux-x86_64-fedora-clang | 1.0.3 | 82.04 | NOTE | |||
r-devel-linux-x86_64-fedora-gcc | 1.0.3 | 74.47 | OK | |||
r-devel-windows-x86_64 | 1.0.3 | 27.00 | 103.00 | 130.00 | OK | |
r-patched-linux-x86_64 | 1.0.3 | 5.70 | 54.22 | 59.92 | OK | |
r-release-linux-x86_64 | 1.0.3 | 5.32 | 54.38 | 59.70 | OK | |
r-release-macos-arm64 | 1.0.3 | 24.00 | OK | |||
r-release-macos-x86_64 | 1.0.3 | 32.00 | OK | |||
r-release-windows-x86_64 | 1.0.3 | 31.00 | 95.00 | 126.00 | OK | |
r-oldrel-macos-arm64 | 1.0.3 | 31.00 | OK | |||
r-oldrel-macos-x86_64 | 1.0.3 | 45.00 | OK | |||
r-oldrel-windows-ix86+x86_64 | 1.0.3 | 10.00 | 80.00 | 90.00 | OK |
Version: 1.0.3
Check: Rd cross-references
Result: NOTE
Undeclared package ‘dosresmeta’ in Rd xrefs
Flavor: r-devel-linux-x86_64-fedora-clang