Last updated on 2023-01-28 23:51:44 CET.
Flavor | Version | Tinstall | Tcheck | Ttotal | Status | Flags |
---|---|---|---|---|---|---|
r-devel-linux-x86_64-debian-clang | 4.2.1 | 97.29 | 188.48 | 285.77 | OK | |
r-devel-linux-x86_64-debian-gcc | 4.2.1 | 74.57 | 135.63 | 210.20 | NOTE | |
r-devel-linux-x86_64-fedora-clang | 4.2.1 | 391.83 | NOTE | |||
r-devel-linux-x86_64-fedora-gcc | 4.2.1 | 380.86 | NOTE | |||
r-patched-linux-x86_64 | 4.2.1 | 82.48 | 181.30 | 263.78 | OK | |
r-release-linux-x86_64 | 4.2.1 | 82.59 | 176.97 | 259.56 | OK | |
r-release-macos-arm64 | 4.2.1 | 87.00 | NOTE | |||
r-release-macos-x86_64 | 4.2.1 | 113.00 | NOTE | |||
r-release-windows-x86_64 | 4.2.1 | 127.00 | 244.00 | 371.00 | OK | |
r-oldrel-macos-arm64 | 4.2.1 | 71.00 | NOTE | |||
r-oldrel-macos-x86_64 | 4.2.1 | 119.00 | NOTE | |||
r-oldrel-windows-ix86+x86_64 | 4.2.1 | 225.00 | 338.00 | 563.00 | OK |
Version: 4.2.1
Check: C++ specification
Result: NOTE
Specified C++11: please update to current default of C++17
Flavors: r-devel-linux-x86_64-debian-gcc, r-devel-linux-x86_64-fedora-clang, r-devel-linux-x86_64-fedora-gcc
Version: 4.2.1
Check: installed package size
Result: NOTE
installed size is 6.6Mb
sub-directories of 1Mb or more:
libs 5.4Mb
Flavors: r-release-macos-arm64, r-release-macos-x86_64, r-oldrel-macos-arm64, r-oldrel-macos-x86_64