CRAN Package Check Results for Package mvabund

Last updated on 2024-06-19 00:49:35 CEST.

Flavor Version Tinstall Tcheck Ttotal Status Flags
r-devel-linux-x86_64-debian-clang 4.2.1 108.31 193.73 302.04 NOTE
r-devel-linux-x86_64-debian-gcc 4.2.1 66.21 139.51 205.72 NOTE
r-devel-linux-x86_64-fedora-clang 4.2.1 412.97 NOTE
r-devel-linux-x86_64-fedora-gcc 4.2.1 378.55 NOTE
r-devel-windows-x86_64 4.2.1 75.00 186.00 261.00 NOTE
r-patched-linux-x86_64 4.2.1 86.79 186.45 273.24 NOTE
r-release-linux-x86_64 4.2.1 82.98 186.40 269.38 NOTE
r-release-macos-arm64 4.2.1 76.00 NOTE
r-release-macos-x86_64 4.2.1 110.00 NOTE
r-release-windows-x86_64 4.2.1 77.00 187.00 264.00 NOTE
r-oldrel-macos-arm64 4.2.1 94.00 NOTE
r-oldrel-macos-x86_64 4.2.1 174.00 NOTE
r-oldrel-windows-x86_64 4.2.1 101.00 224.00 325.00 NOTE

Check Details

Version: 4.2.1
Check: C++ specification
Result: NOTE Specified C++11: please drop specification unless essential Flavors: r-devel-linux-x86_64-debian-clang, r-devel-linux-x86_64-debian-gcc, r-devel-linux-x86_64-fedora-clang, r-devel-linux-x86_64-fedora-gcc, r-devel-windows-x86_64, r-patched-linux-x86_64, r-release-linux-x86_64, r-release-macos-arm64, r-release-macos-x86_64, r-release-windows-x86_64, r-oldrel-macos-arm64, r-oldrel-macos-x86_64, r-oldrel-windows-x86_64

Version: 4.2.1
Check: Rd files
Result: NOTE checkRd: (-1) cv.glm1path.Rd:74: Lost braces 74 | \code{\link{glm1path}}, \\code{\link{glm1}}, \code{\link{glm}}, \code{\link{family}} | ^ Flavors: r-devel-linux-x86_64-debian-clang, r-devel-linux-x86_64-debian-gcc, r-devel-linux-x86_64-fedora-clang, r-devel-linux-x86_64-fedora-gcc, r-devel-windows-x86_64, r-patched-linux-x86_64, r-release-linux-x86_64, r-release-macos-arm64, r-release-macos-x86_64, r-release-windows-x86_64

Version: 4.2.1
Check: installed package size
Result: NOTE installed size is 6.4Mb sub-directories of 1Mb or more: libs 5.3Mb Flavors: r-release-macos-arm64, r-release-macos-x86_64, r-oldrel-macos-arm64, r-oldrel-macos-x86_64