CRAN Package Check Results for Package mvabund

Last updated on 2021-10-20 23:50:17 CEST.

Flavor Version Tinstall Tcheck Ttotal Status Flags
r-devel-linux-x86_64-debian-clang 4.1.12 90.31 175.27 265.58 OK
r-devel-linux-x86_64-debian-gcc 4.1.12 66.01 128.58 194.59 OK
r-devel-linux-x86_64-fedora-clang 4.1.12 390.10 OK
r-devel-linux-x86_64-fedora-gcc 4.1.12 332.38 OK
r-devel-windows-x86_64 4.1.12 133.00 230.00 363.00 OK
r-devel-windows-x86_64-gcc10-UCRT 4.1.12 OK
r-patched-linux-x86_64 4.1.12 78.57 169.78 248.35 OK
r-patched-solaris-x86 4.1.12 408.90 OK
r-release-linux-x86_64 4.1.12 77.34 170.18 247.52 OK
r-release-macos-arm64 4.1.12 NOTE
r-release-macos-x86_64 4.1.12 NOTE
r-release-windows-ix86+x86_64 4.1.12 168.00 320.00 488.00 OK
r-oldrel-macos-x86_64 4.1.12 NOTE
r-oldrel-windows-ix86+x86_64 4.1.12 221.00 325.00 546.00 OK

Check Details

Version: 4.1.12
Check: installed package size
Result: NOTE
     installed size is 7.1Mb
     sub-directories of 1Mb or more:
     libs 6.0Mb
Flavors: r-release-macos-arm64, r-release-macos-x86_64, r-oldrel-macos-x86_64