CRAN Package Check Results for Package mvPot

Last updated on 2021-12-07 23:54:36 CET.

Flavor Version Tinstall Tcheck Ttotal Status Flags
r-devel-linux-x86_64-debian-clang 0.1.5 5.37 43.69 49.06 OK
r-devel-linux-x86_64-debian-gcc 0.1.5 4.21 32.97 37.18 OK
r-devel-linux-x86_64-fedora-clang 0.1.5 62.57 NOTE
r-devel-linux-x86_64-fedora-gcc 0.1.5 50.38 OK
r-devel-windows-x86_64-new-UL 0.1.5 12.00 76.00 88.00 OK
r-devel-windows-x86_64-new-TK 0.1.5 OK
r-devel-windows-x86_64-old 0.1.5 9.00 46.00 55.00 OK
r-patched-linux-x86_64 0.1.5 5.53 41.41 46.94 OK
r-release-linux-x86_64 0.1.5 4.34 41.64 45.98 OK
r-release-macos-arm64 0.1.5 OK
r-release-macos-x86_64 0.1.5 OK
r-release-windows-ix86+x86_64 0.1.5 10.00 79.00 89.00 OK
r-oldrel-macos-x86_64 0.1.5 OK
r-oldrel-windows-ix86+x86_64 0.1.5 13.00 78.00 91.00 OK

Check Details

Version: 0.1.5
Check: Rd cross-references
Result: NOTE
    Undeclared package ‘mev’ in Rd xrefs
Flavor: r-devel-linux-x86_64-fedora-clang