CRAN Package Check Results for Package mumm

Last updated on 2021-10-19 23:53:02 CEST.

Flavor Version Tinstall Tcheck Ttotal Status Flags
r-devel-linux-x86_64-debian-clang 0.2.1 95.18 72.26 167.44 NOTE
r-devel-linux-x86_64-debian-gcc 0.2.1 86.52 56.91 143.43 NOTE
r-devel-linux-x86_64-fedora-clang 0.2.1 249.67 NOTE
r-devel-linux-x86_64-fedora-gcc 0.2.1 246.26 NOTE
r-devel-windows-x86_64 0.2.1 105.00 104.00 209.00 NOTE
r-devel-windows-x86_64-gcc10-UCRT 0.2.1 NOTE
r-patched-linux-x86_64 0.2.1 91.10 71.39 162.49 NOTE
r-patched-solaris-x86 0.2.1 234.70 NOTE
r-release-linux-x86_64 0.2.1 94.65 71.42 166.07 NOTE
r-release-macos-arm64 0.2.1 NOTE
r-release-macos-x86_64 0.2.1 NOTE
r-release-windows-ix86+x86_64 0.2.1 153.00 136.00 289.00 NOTE
r-oldrel-macos-x86_64 0.2.1 NOTE
r-oldrel-windows-ix86+x86_64 0.2.1 209.00 141.00 350.00 NOTE

Check Details

Version: 0.2.1
Check: LazyData
Result: NOTE
     'LazyData' is specified without a 'data' directory
Flavors: r-devel-linux-x86_64-debian-clang, r-devel-linux-x86_64-debian-gcc, r-devel-linux-x86_64-fedora-clang, r-devel-linux-x86_64-fedora-gcc, r-devel-windows-x86_64, r-devel-windows-x86_64-gcc10-UCRT, r-patched-linux-x86_64, r-patched-solaris-x86, r-release-linux-x86_64, r-release-macos-arm64, r-release-macos-x86_64, r-release-windows-ix86+x86_64

Version: 0.2.1
Check: installed package size
Result: NOTE
     installed size is 25.8Mb
     sub-directories of 1Mb or more:
     libs 25.7Mb
Flavors: r-devel-linux-x86_64-fedora-clang, r-devel-windows-x86_64, r-release-macos-arm64, r-release-macos-x86_64, r-release-windows-ix86+x86_64, r-oldrel-macos-x86_64, r-oldrel-windows-ix86+x86_64