Last updated on 2023-01-27 23:38:03 CET.
Flavor | Version | Tinstall | Tcheck | Ttotal | Status | Flags |
---|---|---|---|---|---|---|
r-devel-linux-x86_64-debian-clang | 0.1-12 | 27.59 | 33.08 | 60.67 | OK | |
r-devel-linux-x86_64-debian-gcc | 0.1-12 | 23.00 | 26.00 | 49.00 | NOTE | |
r-devel-linux-x86_64-fedora-clang | 0.1-12 | 91.46 | NOTE | |||
r-devel-linux-x86_64-fedora-gcc | 0.1-12 | 86.70 | NOTE | |||
r-patched-linux-x86_64 | 0.1-12 | 26.54 | 33.78 | 60.32 | OK | |
r-release-linux-x86_64 | 0.1-12 | 25.00 | 34.36 | 59.36 | OK | |
r-release-macos-arm64 | 0.1-12 | 25.00 | OK | |||
r-release-macos-x86_64 | 0.1-12 | 39.00 | OK | |||
r-release-windows-x86_64 | 0.1-12 | 35.00 | 81.00 | 116.00 | OK | |
r-oldrel-macos-arm64 | 0.1-12 | 33.00 | OK | |||
r-oldrel-macos-x86_64 | 0.1-12 | 54.00 | OK | |||
r-oldrel-windows-ix86+x86_64 | 0.1-12 | 74.00 | 80.00 | 154.00 | OK |
Version: 0.1-12
Check: C++ specification
Result: NOTE
Specified C++11: please update to current default of C++17
Flavors: r-devel-linux-x86_64-debian-gcc, r-devel-linux-x86_64-fedora-clang, r-devel-linux-x86_64-fedora-gcc