CRAN Package Check Results for Package multiblock

Last updated on 2024-06-14 00:53:50 CEST.

Flavor Version Tinstall Tcheck Ttotal Status Flags
r-devel-linux-x86_64-debian-clang 0.8.8.1 58.45 279.45 337.90 OK
r-devel-linux-x86_64-debian-gcc 0.8.8.1 0.62 1.89 2.51 ERROR
r-devel-linux-x86_64-fedora-clang 0.8.8.1 425.80 OK
r-devel-linux-x86_64-fedora-gcc 0.8.8.1 456.44 OK
r-devel-windows-x86_64 0.8.8.1 47.00 238.00 285.00 OK
r-patched-linux-x86_64 0.8.8.1 50.49 274.39 324.88 OK
r-release-linux-x86_64 0.8.8.1 48.50 262.80 311.30 OK
r-release-macos-arm64 0.8.8.1 143.00 NOTE
r-release-macos-x86_64 0.8.8.1 222.00 NOTE
r-release-windows-x86_64 0.8.8.1 47.00 238.00 285.00 OK
r-oldrel-macos-arm64 0.8.8.1 154.00 NOTE
r-oldrel-macos-x86_64 0.8.8.1 238.00 NOTE
r-oldrel-windows-x86_64 0.8.8.1 52.00 304.00 356.00 OK

Check Details

Version: 0.8.8.1
Check: package dependencies
Result: ERROR Packages required but not available: 'car', 'lme4', 'mixlm', 'plsVarSel', 'progress', 'SSBtools' Packages suggested but not available for checking: 'FactoMineR', 'RGCCA' See section ‘The DESCRIPTION file’ in the ‘Writing R Extensions’ manual. Flavor: r-devel-linux-x86_64-debian-gcc

Version: 0.8.8.1
Check: installed package size
Result: NOTE installed size is 9.9Mb sub-directories of 1Mb or more: doc 1.5Mb libs 7.2Mb Flavors: r-release-macos-arm64, r-release-macos-x86_64, r-oldrel-macos-arm64, r-oldrel-macos-x86_64