CRAN Package Check Results for Package mthapower

Last updated on 2021-09-24 23:53:55 CEST.

Flavor Version Tinstall Tcheck Ttotal Status Flags
r-devel-linux-x86_64-debian-clang 0.1.1 1.87 21.56 23.43 NOTE
r-devel-linux-x86_64-debian-gcc 0.1.1 1.44 17.30 18.74 NOTE
r-devel-linux-x86_64-fedora-clang 0.1.1 38.25 NOTE
r-devel-linux-x86_64-fedora-gcc 0.1.1 26.91 NOTE
r-devel-windows-x86_64 0.1.1 4.00 28.00 32.00 NOTE
r-devel-windows-x86_64-gcc10-UCRT 0.1.1 NOTE
r-patched-linux-x86_64 0.1.1 1.75 21.08 22.83 NOTE
r-patched-solaris-x86 0.1.1 44.90 NOTE
r-release-linux-x86_64 0.1.1 1.64 20.90 22.54 NOTE
r-release-macos-arm64 0.1.1 NOTE
r-release-macos-x86_64 0.1.1 NOTE
r-release-windows-ix86+x86_64 0.1.1 6.00 27.00 33.00 NOTE
r-oldrel-macos-x86_64 0.1.1 OK
r-oldrel-windows-ix86+x86_64 0.1.1 4.00 31.00 35.00 OK

Check Details

Version: 0.1.1
Check: LazyData
Result: NOTE
     'LazyData' is specified without a 'data' directory
Flavors: r-devel-linux-x86_64-debian-clang, r-devel-linux-x86_64-debian-gcc, r-devel-linux-x86_64-fedora-clang, r-devel-linux-x86_64-fedora-gcc, r-devel-windows-x86_64, r-devel-windows-x86_64-gcc10-UCRT, r-patched-linux-x86_64, r-patched-solaris-x86, r-release-linux-x86_64, r-release-macos-arm64, r-release-macos-x86_64, r-release-windows-ix86+x86_64