CRAN Package Check Results for Package mshap

Last updated on 2023-06-09 00:54:28 CEST.

Flavor Version Tinstall Tcheck Ttotal Status Flags
r-devel-linux-x86_64-debian-clang 0.1.0 2.88 45.74 48.62 OK
r-devel-linux-x86_64-debian-gcc 0.1.0 1.98 34.80 36.78 OK
r-devel-linux-x86_64-fedora-clang 0.1.0 62.68 NOTE
r-devel-linux-x86_64-fedora-gcc 0.1.0 75.39 NOTE
r-devel-windows-x86_64 0.1.0 4.00 59.00 63.00 OK
r-patched-linux-x86_64 0.1.0 1.88 43.44 45.32 OK
r-release-linux-x86_64 0.1.0 2.22 43.58 45.80 OK
r-release-macos-arm64 0.1.0 85.00 OK
r-release-macos-x86_64 0.1.0 45.00 OK
r-release-windows-x86_64 0.1.0 5.00 62.00 67.00 OK
r-oldrel-macos-arm64 0.1.0 27.00 NOTE
r-oldrel-macos-x86_64 0.1.0 41.00 NOTE
r-oldrel-windows-x86_64 0.1.0 5.00 65.00 70.00 OK

Check Details

Version: 0.1.0
Check: dependencies in R code
Result: NOTE
    Namespace in Imports field not imported from: ‘tidyselect’
     All declared Imports should be used.
Flavors: r-devel-linux-x86_64-fedora-clang, r-devel-linux-x86_64-fedora-gcc, r-oldrel-macos-arm64, r-oldrel-macos-x86_64