CRAN Package Check Results for Package msgps

Last updated on 2021-05-15 23:49:21 CEST.

Flavor Version Tinstall Tcheck Ttotal Status Flags
r-devel-linux-x86_64-debian-clang 1.3.1 5.53 28.41 33.94 OK
r-devel-linux-x86_64-debian-gcc 1.3.1 3.58 21.96 25.54 OK
r-devel-linux-x86_64-fedora-clang 1.3.1 50.29 NOTE
r-devel-linux-x86_64-fedora-gcc 1.3.1 38.71 NOTE
r-devel-windows-ix86+x86_64 1.3.1 10.00 39.00 49.00 OK
r-devel-windows-x86_64-gcc10-UCRT 1.3.1 OK
r-patched-linux-x86_64 1.3.1 4.52 27.30 31.82 OK
r-patched-solaris-x86 1.3.1 57.80 OK
r-release-linux-x86_64 1.3.1 5.30 26.84 32.14 OK
r-release-macos-x86_64 1.3.1 OK
r-release-windows-ix86+x86_64 1.3.1 9.00 34.00 43.00 OK
r-oldrel-macos-x86_64 1.3.1 OK
r-oldrel-windows-ix86+x86_64 1.3.1 10.00 54.00 64.00 OK

Check Details

Version: 1.3.1
Check: compiled code
Result: NOTE
    File ‘msgps/libs/msgps.so’:
     Found no calls to: ‘R_registerRoutines’, ‘R_useDynamicSymbols’
    
    It is good practice to register native routines and to disable symbol
    search.
    
    See ‘Writing portable packages’ in the ‘Writing R Extensions’ manual.
Flavors: r-devel-linux-x86_64-fedora-clang, r-devel-linux-x86_64-fedora-gcc